Last updated on 2023-02-08 07:54:38 CET.
Flavor | Version | Tinstall | Tcheck | Ttotal | Status | Flags |
---|---|---|---|---|---|---|
r-devel-linux-x86_64-debian-clang | 1.5.4 | 45.80 | 242.59 | 288.39 | OK | |
r-devel-linux-x86_64-debian-gcc | 1.5.4 | 35.00 | 175.13 | 210.13 | OK | |
r-devel-linux-x86_64-fedora-clang | 1.5.4 | 368.79 | OK | |||
r-devel-linux-x86_64-fedora-gcc | 1.5.4 | 350.35 | OK | |||
r-devel-windows-x86_64 | 1.5.4 | 113.00 | 284.00 | 397.00 | OK | |
r-patched-linux-x86_64 | 1.5.4 | 42.94 | 211.31 | 254.25 | OK | |
r-release-linux-x86_64 | 1.5.4 | 33.67 | 210.35 | 244.02 | OK | |
r-release-macos-arm64 | 1.5.4 | 95.00 | NOTE | |||
r-release-macos-x86_64 | 1.5.4 | 111.00 | OK | |||
r-release-windows-x86_64 | 1.5.4 | 126.00 | 276.00 | 402.00 | OK | |
r-oldrel-macos-arm64 | 1.5.4 | 88.00 | NOTE | |||
r-oldrel-macos-x86_64 | 1.5.4 | 108.00 | OK | |||
r-oldrel-windows-ix86+x86_64 | 1.5.4 | 66.00 | 255.00 | 321.00 | OK |
Version: 1.5.4
Check: installed package size
Result: NOTE
installed size is 5.2Mb
sub-directories of 1Mb or more:
R 2.1Mb
data 2.0Mb
Flavors: r-release-macos-arm64, r-oldrel-macos-arm64