Last updated on 2023-12-03 08:50:17 CET.
Flavor | Version | Tinstall | Tcheck | Ttotal | Status | Flags |
---|---|---|---|---|---|---|
r-devel-linux-x86_64-debian-clang | 1.0.0 | 20.60 | 27.81 | 48.41 | NOTE | |
r-devel-linux-x86_64-debian-gcc | 1.0.0 | 13.31 | 21.81 | 35.12 | NOTE | |
r-devel-linux-x86_64-fedora-clang | 1.0.0 | 68.36 | NOTE | |||
r-devel-linux-x86_64-fedora-gcc | 1.0.0 | 62.81 | NOTE | |||
r-devel-windows-x86_64 | 1.0.0 | 19.00 | 60.00 | 79.00 | NOTE | |
r-patched-linux-x86_64 | 1.0.0 | 17.74 | 27.95 | 45.69 | NOTE | |
r-release-linux-x86_64 | 1.0.0 | 16.43 | 27.17 | 43.60 | NOTE | |
r-release-macos-arm64 | 1.0.0 | 25.00 | NOTE | |||
r-release-macos-x86_64 | 1.0.0 | 35.00 | NOTE | |||
r-release-windows-x86_64 | 1.0.0 | 22.00 | 67.00 | 89.00 | NOTE | |
r-oldrel-macos-arm64 | 1.0.0 | 27.00 | NOTE | |||
r-oldrel-macos-x86_64 | 1.0.0 | 31.00 | NOTE | |||
r-oldrel-windows-x86_64 | 1.0.0 | 26.00 | 69.00 | 95.00 | NOTE |
Version: 1.0.0
Check: C++ specification
Result: NOTE
Specified C++11: please drop specification unless essential
Flavors: r-devel-linux-x86_64-debian-clang, r-devel-linux-x86_64-debian-gcc, r-devel-linux-x86_64-fedora-clang, r-devel-linux-x86_64-fedora-gcc, r-devel-windows-x86_64, r-patched-linux-x86_64, r-release-linux-x86_64, r-release-macos-arm64, r-release-macos-x86_64, r-release-windows-x86_64
Version: 1.0.0
Check: LazyData
Result: NOTE
'LazyData' is specified without a 'data' directory
Flavors: r-devel-linux-x86_64-debian-clang, r-devel-linux-x86_64-debian-gcc, r-devel-linux-x86_64-fedora-clang, r-devel-linux-x86_64-fedora-gcc, r-devel-windows-x86_64, r-patched-linux-x86_64, r-release-linux-x86_64, r-release-macos-arm64, r-release-macos-x86_64, r-release-windows-x86_64, r-oldrel-macos-arm64, r-oldrel-macos-x86_64, r-oldrel-windows-x86_64