Last updated on 2023-02-02 06:55:01 CET.
Flavor | Version | Tinstall | Tcheck | Ttotal | Status | Flags |
---|---|---|---|---|---|---|
r-devel-linux-x86_64-debian-clang | 1.0.0 | 41.88 | 56.08 | 97.96 | OK | |
r-devel-linux-x86_64-debian-gcc | 1.0.0 | 30.86 | 41.62 | 72.48 | OK | |
r-devel-linux-x86_64-fedora-clang | 1.0.0 | 133.65 | NOTE | |||
r-devel-linux-x86_64-fedora-gcc | 1.0.0 | 122.24 | NOTE | |||
r-devel-windows-x86_64 | 1.0.0 | 38.00 | 105.00 | 143.00 | OK | |
r-patched-linux-x86_64 | 1.0.0 | 31.85 | 52.69 | 84.54 | OK | |
r-release-linux-x86_64 | 1.0.0 | 33.64 | 57.79 | 91.43 | OK | |
r-release-macos-arm64 | 1.0.0 | 38.00 | OK | |||
r-release-macos-x86_64 | 1.0.0 | 61.00 | OK | |||
r-release-windows-x86_64 | 1.0.0 | 35.00 | 113.00 | 148.00 | OK | |
r-oldrel-macos-arm64 | 1.0.0 | 44.00 | OK | |||
r-oldrel-macos-x86_64 | 1.0.0 | 59.00 | OK | |||
r-oldrel-windows-ix86+x86_64 | 1.0.0 | 95.00 | 114.00 | 209.00 | OK |
Version: 1.0.0
Check: compiled code
Result: NOTE
File ‘pirate/libs/pirate.so’:
Found no calls to: ‘R_registerRoutines’, ‘R_useDynamicSymbols’
It is good practice to register native routines and to disable symbol
search.
See ‘Writing portable packages’ in the ‘Writing R Extensions’ manual.
Flavors: r-devel-linux-x86_64-fedora-clang, r-devel-linux-x86_64-fedora-gcc