CRAN Package Check Results for Package pipefittr

Last updated on 2024-05-24 07:59:56 CEST.

Flavor Version Tinstall Tcheck Ttotal Status Flags
r-devel-linux-x86_64-debian-clang 0.1.2 4.50 41.18 45.68 NOTE
r-devel-linux-x86_64-debian-gcc 0.1.2 3.77 31.27 35.04 NOTE
r-devel-linux-x86_64-fedora-clang 0.1.2 56.66 NOTE
r-devel-linux-x86_64-fedora-gcc 0.1.2 54.20 NOTE
r-devel-windows-x86_64 0.1.2 6.00 52.00 58.00 NOTE
r-patched-linux-x86_64 0.1.2 4.22 39.67 43.89 NOTE
r-release-linux-x86_64 0.1.2 3.92 39.86 43.78 NOTE
r-release-macos-arm64 0.1.2 20.00 NOTE
r-release-windows-x86_64 0.1.2 7.00 53.00 60.00 NOTE
r-oldrel-macos-arm64 0.1.2 21.00 NOTE
r-oldrel-macos-x86_64 0.1.2 31.00 NOTE
r-oldrel-windows-x86_64 0.1.2 7.00 54.00 61.00 NOTE

Check Details

Version: 0.1.2
Check: LazyData
Result: NOTE 'LazyData' is specified without a 'data' directory Flavors: r-devel-linux-x86_64-debian-clang, r-devel-linux-x86_64-debian-gcc, r-devel-linux-x86_64-fedora-clang, r-devel-linux-x86_64-fedora-gcc, r-devel-windows-x86_64, r-patched-linux-x86_64, r-release-linux-x86_64, r-release-macos-arm64, r-release-windows-x86_64, r-oldrel-macos-arm64, r-oldrel-macos-x86_64, r-oldrel-windows-x86_64