CRAN Package Check Results for Package pinochet

Last updated on 2023-02-07 07:54:10 CET.

Flavor Version Tinstall Tcheck Ttotal Status Flags
r-devel-linux-x86_64-debian-clang 0.1.0 2.00 29.62 31.62 OK
r-devel-linux-x86_64-debian-gcc 0.1.0 1.39 22.54 23.93 OK
r-devel-linux-x86_64-fedora-clang 0.1.0 39.22 NOTE
r-devel-linux-x86_64-fedora-gcc 0.1.0 50.94 NOTE
r-devel-windows-x86_64 0.1.0 14.00 57.00 71.00 OK
r-patched-linux-x86_64 0.1.0 2.06 28.87 30.93 OK
r-release-linux-x86_64 0.1.0 1.96 29.74 31.70 OK
r-release-macos-arm64 0.1.0 18.00 NOTE
r-release-macos-x86_64 0.1.0 25.00 NOTE
r-release-windows-x86_64 0.1.0 11.00 65.00 76.00 OK
r-oldrel-macos-arm64 0.1.0 23.00 NOTE
r-oldrel-macos-x86_64 0.1.0 31.00 NOTE
r-oldrel-windows-ix86+x86_64 0.1.0 6.00 62.00 68.00 OK

Check Details

Version: 0.1.0
Check: data for non-ASCII characters
Result: NOTE
     Note: found 2048 marked UTF-8 strings
Flavors: r-devel-linux-x86_64-fedora-clang, r-devel-linux-x86_64-fedora-gcc, r-release-macos-arm64, r-release-macos-x86_64, r-oldrel-macos-arm64, r-oldrel-macos-x86_64