CRAN Package Check Results for Package pingers

Last updated on 2023-02-07 07:54:10 CET.

Flavor Version Tinstall Tcheck Ttotal Status Flags
r-devel-linux-x86_64-debian-clang 0.1.1 7.83 66.43 74.26 NOTE
r-devel-linux-x86_64-debian-gcc 0.1.1 5.78 49.35 55.13 NOTE
r-devel-linux-x86_64-fedora-clang 0.1.1 97.11 NOTE
r-devel-linux-x86_64-fedora-gcc 0.1.1 92.97 NOTE
r-devel-windows-x86_64 0.1.1 15.00 87.00 102.00 NOTE
r-patched-linux-x86_64 0.1.1 6.28 65.25 71.53 NOTE
r-release-linux-x86_64 0.1.1 7.29 63.90 71.19 NOTE
r-release-macos-arm64 0.1.1 29.00 NOTE
r-release-macos-x86_64 0.1.1 49.00 NOTE
r-release-windows-x86_64 0.1.1 20.00 104.00 124.00 NOTE
r-oldrel-macos-arm64 0.1.1 28.00 NOTE
r-oldrel-macos-x86_64 0.1.1 39.00 NOTE
r-oldrel-windows-ix86+x86_64 0.1.1 20.00 95.00 115.00 NOTE

Check Details

Version: 0.1.1
Check: LazyData
Result: NOTE
     'LazyData' is specified without a 'data' directory
Flavors: r-devel-linux-x86_64-debian-clang, r-devel-linux-x86_64-debian-gcc, r-devel-linux-x86_64-fedora-clang, r-devel-linux-x86_64-fedora-gcc, r-devel-windows-x86_64, r-patched-linux-x86_64, r-release-linux-x86_64, r-release-macos-arm64, r-release-macos-x86_64, r-release-windows-x86_64, r-oldrel-macos-arm64, r-oldrel-macos-x86_64, r-oldrel-windows-ix86+x86_64