Last updated on 2023-02-08 07:54:38 CET.
Flavor | Version | Tinstall | Tcheck | Ttotal | Status | Flags |
---|---|---|---|---|---|---|
r-devel-linux-x86_64-debian-clang | 1.1.3 | 43.73 | 62.75 | 106.48 | OK | |
r-devel-linux-x86_64-debian-gcc | 1.1.3 | 32.81 | 45.96 | 78.77 | OK | |
r-devel-linux-x86_64-fedora-clang | 1.1.3 | 136.10 | NOTE | |||
r-devel-linux-x86_64-fedora-gcc | 1.1.3 | 152.48 | NOTE | |||
r-devel-windows-x86_64 | 1.1.3 | 53.00 | 108.00 | 161.00 | OK | |
r-patched-linux-x86_64 | 1.1.3 | 39.76 | 58.19 | 97.95 | OK | |
r-release-linux-x86_64 | 1.1.3 | 34.91 | 59.79 | 94.70 | OK | |
r-release-macos-arm64 | 1.1.3 | 45.00 | NOTE | |||
r-release-macos-x86_64 | 1.1.3 | 85.00 | NOTE | |||
r-release-windows-x86_64 | 1.1.3 | 45.00 | 118.00 | 163.00 | OK | |
r-oldrel-macos-arm64 | 1.1.3 | 58.00 | NOTE | |||
r-oldrel-macos-x86_64 | 1.1.3 | 84.00 | NOTE | |||
r-oldrel-windows-ix86+x86_64 | 1.1.3 | 94.00 | 115.00 | 209.00 | OK |
Version: 1.1.3
Check: dependencies in R code
Result: NOTE
Namespace in Imports field not imported from: ‘utils’
All declared Imports should be used.
Flavors: r-devel-linux-x86_64-fedora-clang, r-devel-linux-x86_64-fedora-gcc, r-release-macos-arm64, r-release-macos-x86_64, r-oldrel-macos-arm64, r-oldrel-macos-x86_64
Version: 1.1.3
Check: installed package size
Result: NOTE
installed size is 12.4Mb
sub-directories of 1Mb or more:
libs 12.1Mb
Flavors: r-release-macos-arm64, r-release-macos-x86_64, r-oldrel-macos-arm64, r-oldrel-macos-x86_64