Last updated on 2023-02-02 06:55:01 CET.
Flavor | Version | Tinstall | Tcheck | Ttotal | Status | Flags |
---|---|---|---|---|---|---|
r-devel-linux-x86_64-debian-clang | 0.1.0 | 3.49 | 46.59 | 50.08 | NOTE | |
r-devel-linux-x86_64-debian-gcc | 0.1.0 | 2.63 | 35.47 | 38.10 | NOTE | |
r-devel-linux-x86_64-fedora-clang | 0.1.0 | 60.88 | NOTE | |||
r-devel-linux-x86_64-fedora-gcc | 0.1.0 | 58.53 | NOTE | |||
r-patched-linux-x86_64 | 0.1.0 | 2.58 | 44.06 | 46.64 | OK | |
r-release-linux-x86_64 | 0.1.0 | 2.93 | 43.67 | 46.60 | OK | |
r-release-macos-arm64 | 0.1.0 | 24.00 | OK | |||
r-release-macos-x86_64 | 0.1.0 | 31.00 | OK | |||
r-release-windows-x86_64 | 0.1.0 | 22.00 | 74.00 | 96.00 | OK | |
r-oldrel-macos-arm64 | 0.1.0 | 29.00 | OK | |||
r-oldrel-macos-x86_64 | 0.1.0 | 45.00 | OK | |||
r-oldrel-windows-ix86+x86_64 | 0.1.0 | 7.00 | 72.00 | 79.00 | OK |
Version: 0.1.0
Check: package subdirectories
Result: NOTE
Problems with news in ‘NEWS.md’:
No news entries found.
Flavors: r-devel-linux-x86_64-debian-clang, r-devel-linux-x86_64-debian-gcc, r-devel-linux-x86_64-fedora-clang, r-devel-linux-x86_64-fedora-gcc