Last updated on 2023-02-02 06:55:01 CET.
Flavor | Version | Tinstall | Tcheck | Ttotal | Status | Flags |
---|---|---|---|---|---|---|
r-devel-linux-x86_64-debian-clang | 1.3 | 53.36 | 337.47 | 390.83 | OK | |
r-devel-linux-x86_64-debian-gcc | 1.3 | 40.85 | 244.25 | 285.10 | OK | |
r-devel-linux-x86_64-fedora-clang | 1.3 | 455.61 | OK | |||
r-devel-linux-x86_64-fedora-gcc | 1.3 | 462.88 | OK | |||
r-devel-windows-x86_64 | 1.3 | 97.00 | 375.00 | 472.00 | OK | |
r-patched-linux-x86_64 | 1.3 | 47.85 | 316.12 | 363.97 | OK | |
r-release-linux-x86_64 | 1.3 | 41.04 | 315.72 | 356.76 | OK | |
r-release-macos-arm64 | 1.3 | 115.00 | OK | |||
r-release-macos-x86_64 | 1.3 | 198.00 | OK | |||
r-release-windows-x86_64 | 1.3 | 88.00 | 374.00 | 462.00 | OK | |
r-oldrel-macos-arm64 | 1.3 | 154.00 | NOTE | |||
r-oldrel-macos-x86_64 | 1.3 | 276.00 | OK | |||
r-oldrel-windows-ix86+x86_64 | 1.3 | 127.00 | 428.00 | 555.00 | OK |
Version: 1.3
Check: installed package size
Result: NOTE
installed size is 5.3Mb
sub-directories of 1Mb or more:
help 1.6Mb
libs 2.5Mb
Flavor: r-oldrel-macos-arm64