CRAN Package Check Results for Package phylobase

Last updated on 2022-11-28 06:50:18 CET.

Flavor Version Tinstall Tcheck Ttotal Status Flags
r-devel-linux-x86_64-debian-clang 0.8.10 41.55 170.30 211.85 NOTE
r-devel-linux-x86_64-debian-gcc 0.8.10 31.28 126.08 157.36 NOTE
r-devel-linux-x86_64-fedora-clang 0.8.10 274.15 NOTE
r-devel-linux-x86_64-fedora-gcc 0.8.10 261.29 NOTE
r-devel-windows-x86_64 0.8.10 95.00 226.00 321.00 NOTE
r-patched-linux-x86_64 0.8.10 25.78 153.76 179.54 OK
r-release-linux-x86_64 0.8.10 31.22 158.58 189.80 OK
r-release-macos-arm64 0.8.10 67.00 OK
r-release-macos-x86_64 0.8.10 130.00 OK
r-release-windows-x86_64 0.8.10 106.00 237.00 343.00 OK
r-oldrel-macos-arm64 0.8.10 84.00 OK
r-oldrel-macos-x86_64 0.8.10 107.00 OK
r-oldrel-windows-ix86+x86_64 0.8.10 89.00 283.00 372.00 OK

Check Details

Version: 0.8.10
Check: Rd files
Result: NOTE
    checkRd: (-1) phylo4d-methods.Rd:209: Escaped LaTeX specials: \$
Flavors: r-devel-linux-x86_64-debian-clang, r-devel-linux-x86_64-debian-gcc, r-devel-linux-x86_64-fedora-clang, r-devel-linux-x86_64-fedora-gcc, r-devel-windows-x86_64