Last updated on 2023-01-30 09:54:20 CET.
Flavor | Version | Tinstall | Tcheck | Ttotal | Status | Flags |
---|---|---|---|---|---|---|
r-devel-linux-x86_64-debian-clang | 0.0.11 | 8.40 | 68.72 | 77.12 | NOTE | |
r-devel-linux-x86_64-debian-gcc | 0.0.11 | 6.09 | 51.90 | 57.99 | NOTE | |
r-devel-linux-x86_64-fedora-clang | 0.0.11 | 92.82 | NOTE | |||
r-devel-linux-x86_64-fedora-gcc | 0.0.11 | 100.24 | NOTE | |||
r-devel-windows-x86_64 | 0.0.11 | 108.00 | 118.00 | 226.00 | NOTE | |
r-patched-linux-x86_64 | 0.0.11 | 7.00 | 66.06 | 73.06 | NOTE | |
r-release-linux-x86_64 | 0.0.11 | 5.52 | 65.02 | 70.54 | NOTE | |
r-release-macos-arm64 | 0.0.11 | 32.00 | NOTE | |||
r-release-macos-x86_64 | 0.0.11 | 45.00 | NOTE | |||
r-release-windows-x86_64 | 0.0.11 | 60.00 | 119.00 | 179.00 | NOTE | |
r-oldrel-macos-arm64 | 0.0.11 | 37.00 | NOTE | |||
r-oldrel-macos-x86_64 | 0.0.11 | 47.00 | NOTE | |||
r-oldrel-windows-ix86+x86_64 | 0.0.11 | 17.00 | 100.00 | 117.00 | NOTE |
Version: 0.0.11
Check: LazyData
Result: NOTE
'LazyData' is specified without a 'data' directory
Flavors: r-devel-linux-x86_64-debian-clang, r-devel-linux-x86_64-debian-gcc, r-devel-linux-x86_64-fedora-clang, r-devel-linux-x86_64-fedora-gcc, r-devel-windows-x86_64, r-patched-linux-x86_64, r-release-linux-x86_64, r-release-macos-arm64, r-release-macos-x86_64, r-release-windows-x86_64, r-oldrel-macos-arm64, r-oldrel-macos-x86_64, r-oldrel-windows-ix86+x86_64