Last updated on 2023-01-28 08:00:42 CET.
Flavor | Version | Tinstall | Tcheck | Ttotal | Status | Flags |
---|---|---|---|---|---|---|
r-devel-linux-x86_64-debian-clang | 1.0.12 | 4.62 | 37.33 | 41.95 | NOTE | |
r-devel-linux-x86_64-debian-gcc | 1.0.12 | 3.02 | 29.01 | 32.03 | NOTE | |
r-devel-linux-x86_64-fedora-clang | 1.0.12 | 51.63 | NOTE | |||
r-devel-linux-x86_64-fedora-gcc | 1.0.12 | 50.86 | NOTE | |||
r-patched-linux-x86_64 | 1.0.12 | 6.56 | 37.70 | 44.26 | NOTE | |
r-release-linux-x86_64 | 1.0.12 | 3.97 | 36.62 | 40.59 | NOTE | |
r-release-macos-arm64 | 1.0.12 | 18.00 | OK | |||
r-release-macos-x86_64 | 1.0.12 | 28.00 | OK | |||
r-release-windows-x86_64 | 1.0.12 | 12.00 | 64.00 | 76.00 | OK | |
r-oldrel-macos-arm64 | 1.0.12 | 23.00 | OK | |||
r-oldrel-macos-x86_64 | 1.0.12 | 33.00 | OK | |||
r-oldrel-windows-ix86+x86_64 | 1.0.12 | 9.00 | 64.00 | 73.00 | OK |
Version: 1.0.12
Check: for non-standard things in the check directory
Result: NOTE
Found the following files/directories:
‘test.pdf’
Flavors: r-devel-linux-x86_64-debian-clang, r-devel-linux-x86_64-debian-gcc, r-devel-linux-x86_64-fedora-clang, r-devel-linux-x86_64-fedora-gcc, r-patched-linux-x86_64, r-release-linux-x86_64