Last updated on 2023-11-28 07:53:12 CET.
Flavor | Version | Tinstall | Tcheck | Ttotal | Status | Flags |
---|---|---|---|---|---|---|
r-devel-linux-x86_64-debian-clang | 1.0.9 | 11.66 | 71.46 | 83.12 | OK | |
r-devel-linux-x86_64-debian-gcc | 1.0.9 | 8.86 | 52.49 | 61.35 | OK | |
r-devel-linux-x86_64-fedora-clang | 1.0.9 | 100.81 | OK | |||
r-devel-linux-x86_64-fedora-gcc | 1.0.9 | 95.89 | OK | |||
r-devel-windows-x86_64 | 1.0.9 | 10.00 | 68.00 | 78.00 | OK | |
r-patched-linux-x86_64 | 1.0.9 | 10.47 | 66.58 | 77.05 | OK | |
r-release-linux-x86_64 | 1.0.9 | 9.91 | 65.89 | 75.80 | OK | |
r-release-macos-arm64 | 1.0.9 | 31.00 | OK | |||
r-release-macos-x86_64 | 1.0.9 | 48.00 | NOTE | |||
r-release-windows-x86_64 | 1.0.9 | 14.00 | 76.00 | 90.00 | OK | |
r-oldrel-macos-arm64 | 1.0.9 | 36.00 | OK | |||
r-oldrel-macos-x86_64 | 1.0.9 | 43.00 | OK | |||
r-oldrel-windows-x86_64 | 1.0.9 | 15.00 | 85.00 | 100.00 | OK |
Version: 1.0.9
Check: package dependencies
Result: NOTE
Package suggested but not available for checking: ‘BiocParallel’
Flavor: r-release-macos-x86_64