Last updated on 2023-02-03 06:50:27 CET.
Flavor | Version | Tinstall | Tcheck | Ttotal | Status | Flags |
---|---|---|---|---|---|---|
r-devel-linux-x86_64-debian-clang | 1.0.2 | 10.04 | 76.59 | 86.63 | OK | |
r-devel-linux-x86_64-debian-gcc | 1.0.2 | 6.89 | 58.02 | 64.91 | OK | |
r-devel-linux-x86_64-fedora-clang | 1.0.2 | 111.47 | NOTE | |||
r-devel-linux-x86_64-fedora-gcc | 1.0.2 | 108.68 | OK | |||
r-devel-windows-x86_64 | 1.0.2 | 23.00 | 110.00 | 133.00 | OK | |
r-patched-linux-x86_64 | 1.0.2 | 9.48 | 73.47 | 82.95 | OK | |
r-release-linux-x86_64 | 1.0.2 | 9.00 | 75.99 | 84.99 | OK | |
r-release-macos-arm64 | 1.0.2 | 41.00 | OK | |||
r-release-macos-x86_64 | 1.0.2 | 49.00 | OK | |||
r-release-windows-x86_64 | 1.0.2 | 25.00 | 115.00 | 140.00 | OK | |
r-oldrel-macos-arm64 | 1.0.2 | 35.00 | OK | |||
r-oldrel-macos-x86_64 | 1.0.2 | 56.00 | OK | |||
r-oldrel-windows-ix86+x86_64 | 1.0.2 | 23.00 | 102.00 | 125.00 | OK |
Version: 1.0.2
Check: Rd cross-references
Result: NOTE
Undeclared package ‘phase1RMD’ in Rd xrefs
Flavor: r-devel-linux-x86_64-fedora-clang