CRAN Package Check Results for Package pez

Last updated on 2024-03-02 06:52:04 CET.

Flavor Version Tinstall Tcheck Ttotal Status Flags
r-devel-linux-x86_64-debian-clang 1.2-4 15.92 213.34 229.26 OK
r-devel-linux-x86_64-debian-gcc 1.2-4 15.35 161.19 176.54 OK
r-devel-linux-x86_64-fedora-clang 1.2-4 282.75 OK
r-devel-linux-x86_64-fedora-gcc 1.2-4 293.44 OK
r-devel-windows-x86_64 1.2-4 18.00 186.00 204.00 OK
r-patched-linux-x86_64 1.2-4 24.50 215.38 239.88 OK
r-release-linux-x86_64 1.2-4 20.68 210.24 230.92 OK
r-release-macos-arm64 1.2-4 91.00 OK
r-release-macos-x86_64 1.2-4 156.00 NOTE
r-release-windows-x86_64 1.2-4 23.00 232.00 255.00 OK
r-oldrel-macos-arm64 1.2-4 100.00 OK
r-oldrel-windows-x86_64 1.2-4 25.00 230.00 255.00 OK

Check Details

Version: 1.2-4
Check: package dependencies
Result: NOTE Package suggested but not available for checking: ‘lme4’ Flavor: r-release-macos-x86_64

Version: 1.2-4
Check: Rd cross-references
Result: NOTE Package unavailable to check Rd xrefs: ‘lme4’ Flavor: r-release-macos-x86_64