Last updated on 2023-02-02 06:55:01 CET.
Flavor | Version | Tinstall | Tcheck | Ttotal | Status | Flags |
---|---|---|---|---|---|---|
r-devel-linux-x86_64-debian-clang | 0.0.1 | 83.76 | 137.72 | 221.48 | NOTE | |
r-devel-linux-x86_64-debian-gcc | 0.0.1 | 71.41 | 104.12 | 175.53 | NOTE | |
r-devel-linux-x86_64-fedora-clang | 0.0.1 | 309.23 | NOTE | |||
r-devel-linux-x86_64-fedora-gcc | 0.0.1 | 307.66 | NOTE | |||
r-devel-windows-x86_64 | 0.0.1 | 109.00 | 183.00 | 292.00 | NOTE | |
r-patched-linux-x86_64 | 0.0.1 | 66.03 | 137.70 | 203.73 | NOTE | |
r-release-linux-x86_64 | 0.0.1 | 59.99 | 139.44 | 199.43 | NOTE | |
r-release-macos-arm64 | 0.0.1 | 71.00 | NOTE | |||
r-release-macos-x86_64 | 0.0.1 | 125.00 | NOTE | |||
r-release-windows-x86_64 | 0.0.1 | 230.00 | 187.00 | 417.00 | NOTE | |
r-oldrel-macos-arm64 | 0.0.1 | 82.00 | NOTE | |||
r-oldrel-macos-x86_64 | 0.0.1 | 140.00 | NOTE | |||
r-oldrel-windows-ix86+x86_64 | 0.0.1 | 197.00 | 224.00 | 421.00 | NOTE |
Version: 0.0.1
Check: C++ specification
Result: NOTE
Specified C++11: please update to current default of C++17
Flavors: r-devel-linux-x86_64-debian-clang, r-devel-linux-x86_64-debian-gcc, r-devel-linux-x86_64-fedora-clang, r-devel-linux-x86_64-fedora-gcc, r-devel-windows-x86_64
Version: 0.0.1
Check: LazyData
Result: NOTE
'LazyData' is specified without a 'data' directory
Flavors: r-devel-linux-x86_64-debian-clang, r-devel-linux-x86_64-debian-gcc, r-devel-linux-x86_64-fedora-clang, r-devel-linux-x86_64-fedora-gcc, r-devel-windows-x86_64, r-patched-linux-x86_64, r-release-linux-x86_64, r-release-macos-arm64, r-release-macos-x86_64, r-release-windows-x86_64, r-oldrel-macos-arm64, r-oldrel-macos-x86_64, r-oldrel-windows-ix86+x86_64
Version: 0.0.1
Check: installed package size
Result: NOTE
installed size is 11.9Mb
sub-directories of 1Mb or more:
libs 11.6Mb
Flavors: r-release-macos-arm64, r-release-macos-x86_64, r-oldrel-macos-arm64, r-oldrel-macos-x86_64