CRAN Package Check Results for Package perccal

Last updated on 2023-02-03 06:50:27 CET.

Flavor Version Tinstall Tcheck Ttotal Status Flags
r-devel-linux-x86_64-debian-clang 1.0 38.09 31.45 69.54 OK
r-devel-linux-x86_64-debian-gcc 1.0 29.84 24.12 53.96 OK
r-devel-linux-x86_64-fedora-clang 1.0 99.93 NOTE
r-devel-linux-x86_64-fedora-gcc 1.0 92.56 NOTE
r-patched-linux-x86_64 1.0 34.77 30.30 65.07 OK
r-release-linux-x86_64 1.0 25.85 30.59 56.44 OK
r-release-macos-arm64 1.0 30.00 OK
r-release-macos-x86_64 1.0 36.00 OK
r-release-windows-x86_64 1.0 34.00 80.00 114.00 OK
r-oldrel-macos-arm64 1.0 33.00 OK
r-oldrel-macos-x86_64 1.0 45.00 OK
r-oldrel-windows-ix86+x86_64 1.0 90.00 85.00 175.00 OK

Check Details

Version: 1.0
Check: compiled code
Result: NOTE
    File ‘perccal/libs/perccal.so’:
     Found no calls to: ‘R_registerRoutines’, ‘R_useDynamicSymbols’
    
    It is good practice to register native routines and to disable symbol
    search.
    
    See ‘Writing portable packages’ in the ‘Writing R Extensions’ manual.
Flavors: r-devel-linux-x86_64-fedora-clang, r-devel-linux-x86_64-fedora-gcc