Last updated on 2023-10-02 07:56:34 CEST.
Flavor | Version | Tinstall | Tcheck | Ttotal | Status | Flags |
---|---|---|---|---|---|---|
r-devel-linux-x86_64-debian-clang | 0.2.3 | 53.37 | 140.89 | 194.26 | OK | |
r-devel-linux-x86_64-debian-gcc | 0.2.3 | 36.37 | 104.71 | 141.08 | OK | |
r-devel-linux-x86_64-fedora-clang | 0.2.3 | 245.44 | NOTE | |||
r-devel-linux-x86_64-fedora-gcc | 0.2.3 | 260.81 | NOTE | |||
r-devel-windows-x86_64 | 0.2.3 | 40.00 | 145.00 | 185.00 | OK | |
r-patched-linux-x86_64 | 0.2.3 | 36.10 | 134.32 | 170.42 | OK | |
r-release-linux-x86_64 | 0.2.3 | 46.92 | 137.71 | 184.63 | OK | |
r-release-macos-arm64 | 0.2.3 | 109.00 | NOTE | |||
r-release-macos-x86_64 | 0.2.3 | 137.00 | NOTE | |||
r-release-windows-x86_64 | 0.2.3 | 53.00 | 169.00 | 222.00 | OK | |
r-oldrel-macos-arm64 | 0.2.3 | 74.00 | NOTE | |||
r-oldrel-macos-x86_64 | 0.2.3 | 100.00 | NOTE | |||
r-oldrel-windows-x86_64 | 0.2.3 | 52.00 | 164.00 | 216.00 | OK |
Version: 0.2.3
Check: dependencies in R code
Result: NOTE
Namespace in Imports field not imported from: ‘fixest’
All declared Imports should be used.
Flavors: r-devel-linux-x86_64-fedora-clang, r-devel-linux-x86_64-fedora-gcc
Version: 0.2.3
Check: installed package size
Result: NOTE
installed size is 9.2Mb
sub-directories of 1Mb or more:
data 1.8Mb
libs 7.0Mb
Flavors: r-release-macos-arm64, r-release-macos-x86_64, r-oldrel-macos-arm64, r-oldrel-macos-x86_64