Last updated on 2023-02-02 06:55:01 CET.
Flavor | Version | Tinstall | Tcheck | Ttotal | Status | Flags |
---|---|---|---|---|---|---|
r-devel-linux-x86_64-debian-clang | 0.2.1 | 51.20 | 441.38 | 492.58 | OK | |
r-devel-linux-x86_64-debian-gcc | 0.2.1 | 40.83 | 302.24 | 343.07 | OK | |
r-devel-linux-x86_64-fedora-clang | 0.2.1 | 610.00 | NOTE | |||
r-devel-linux-x86_64-fedora-gcc | 0.2.1 | 549.65 | NOTE | |||
r-devel-windows-x86_64 | 0.2.1 | 65.00 | 469.00 | 534.00 | OK | |
r-patched-linux-x86_64 | 0.2.1 | 41.70 | 390.89 | 432.59 | OK | |
r-release-linux-x86_64 | 0.2.1 | 38.53 | 391.34 | 429.87 | OK | |
r-release-macos-arm64 | 0.2.1 | 190.00 | NOTE | |||
r-release-macos-x86_64 | 0.2.1 | 212.00 | NOTE | |||
r-release-windows-x86_64 | 0.2.1 | 69.00 | 471.00 | 540.00 | OK | |
r-oldrel-macos-arm64 | 0.2.1 | 189.00 | NOTE | |||
r-oldrel-macos-x86_64 | 0.2.1 | 213.00 | NOTE | |||
r-oldrel-windows-ix86+x86_64 | 0.2.1 | 112.00 | 547.00 | 659.00 | OK |
Version: 0.2.1
Check: dependencies in R code
Result: NOTE
Namespace in Imports field not imported from: ‘fixest’
All declared Imports should be used.
Flavors: r-devel-linux-x86_64-fedora-clang, r-devel-linux-x86_64-fedora-gcc, r-release-macos-x86_64, r-oldrel-macos-x86_64
Version: 0.2.1
Check: installed package size
Result: NOTE
installed size is 9.9Mb
sub-directories of 1Mb or more:
data 1.8Mb
libs 7.7Mb
Flavors: r-release-macos-arm64, r-release-macos-x86_64, r-oldrel-macos-arm64, r-oldrel-macos-x86_64