Last updated on 2023-02-01 07:53:11 CET.
Flavor | Version | Tinstall | Tcheck | Ttotal | Status | Flags |
---|---|---|---|---|---|---|
r-devel-linux-x86_64-debian-clang | 2020.5.13 | 10.34 | 113.42 | 123.76 | NOTE | |
r-devel-linux-x86_64-debian-gcc | 2020.5.13 | 7.33 | 77.07 | 84.40 | NOTE | |
r-devel-linux-x86_64-fedora-clang | 2020.5.13 | 154.04 | NOTE | |||
r-devel-linux-x86_64-fedora-gcc | 2020.5.13 | 151.59 | NOTE | |||
r-devel-windows-x86_64 | 2020.5.13 | 94.00 | 139.00 | 233.00 | NOTE | |
r-patched-linux-x86_64 | 2020.5.13 | 8.66 | 104.23 | 112.89 | OK | |
r-release-linux-x86_64 | 2020.5.13 | 8.76 | 105.53 | 114.29 | OK | |
r-release-macos-arm64 | 2020.5.13 | 42.00 | NOTE | |||
r-release-macos-x86_64 | 2020.5.13 | 85.00 | OK | |||
r-release-windows-x86_64 | 2020.5.13 | 53.00 | 150.00 | 203.00 | OK | |
r-oldrel-macos-arm64 | 2020.5.13 | 55.00 | OK | |||
r-oldrel-macos-x86_64 | 2020.5.13 | 73.00 | OK | |||
r-oldrel-windows-ix86+x86_64 | 2020.5.13 | 25.00 | 194.00 | 219.00 | OK |
Version: 2020.5.13
Check: C++ specification
Result: NOTE
Specified C++11: please update to current default of C++17
Flavors: r-devel-linux-x86_64-debian-clang, r-devel-linux-x86_64-debian-gcc, r-devel-linux-x86_64-fedora-clang, r-devel-linux-x86_64-fedora-gcc, r-devel-windows-x86_64
Version: 2020.5.13
Check: package dependencies
Result: NOTE
Package suggested but not available for checking: ‘jointseg’
Flavor: r-release-macos-arm64