Last updated on 2023-02-03 06:50:27 CET.
Flavor | Version | Tinstall | Tcheck | Ttotal | Status | Flags |
---|---|---|---|---|---|---|
r-devel-linux-x86_64-debian-clang | 0.99 | 19.34 | 29.14 | 48.48 | OK | |
r-devel-linux-x86_64-debian-gcc | 0.99 | 12.81 | 22.87 | 35.68 | OK | |
r-devel-linux-x86_64-fedora-clang | 0.99 | 68.14 | NOTE | |||
r-devel-linux-x86_64-fedora-gcc | 0.99 | 60.85 | NOTE | |||
r-patched-linux-x86_64 | 0.99 | 13.59 | 29.21 | 42.80 | OK | |
r-release-linux-x86_64 | 0.99 | 14.06 | 29.71 | 43.77 | OK | |
r-release-macos-arm64 | 0.99 | 22.00 | OK | |||
r-release-macos-x86_64 | 0.99 | 30.00 | OK | |||
r-release-windows-x86_64 | 0.99 | 27.00 | 86.00 | 113.00 | OK | |
r-oldrel-macos-arm64 | 0.99 | 24.00 | OK | |||
r-oldrel-macos-x86_64 | 0.99 | 35.00 | OK | |||
r-oldrel-windows-ix86+x86_64 | 0.99 | 45.00 | 85.00 | 130.00 | OK |
Version: 0.99
Check: compiled code
Result: NOTE
File ‘penMSM/libs/penMSM.so’:
Found no calls to: ‘R_registerRoutines’, ‘R_useDynamicSymbols’
It is good practice to register native routines and to disable symbol
search.
See ‘Writing portable packages’ in the ‘Writing R Extensions’ manual.
Flavors: r-devel-linux-x86_64-fedora-clang, r-devel-linux-x86_64-fedora-gcc