Last updated on 2023-01-30 09:54:20 CET.
Flavor | Version | Tinstall | Tcheck | Ttotal | Status | Flags |
---|---|---|---|---|---|---|
r-devel-linux-x86_64-debian-clang | 0.4.0 | 3.23 | 90.57 | 93.80 | NOTE | |
r-devel-linux-x86_64-debian-gcc | 0.4.0 | 1.78 | 65.47 | 67.25 | NOTE | |
r-devel-linux-x86_64-fedora-clang | 0.4.0 | 107.41 | NOTE | |||
r-devel-linux-x86_64-fedora-gcc | 0.4.0 | 116.65 | NOTE | |||
r-devel-windows-x86_64 | 0.4.0 | 12.00 | 115.00 | 127.00 | NOTE | |
r-patched-linux-x86_64 | 0.4.0 | 2.88 | 84.00 | 86.88 | NOTE | |
r-release-linux-x86_64 | 0.4.0 | 3.24 | 83.62 | 86.86 | NOTE | |
r-release-macos-arm64 | 0.4.0 | 49.00 | NOTE | |||
r-release-macos-x86_64 | 0.4.0 | 80.00 | NOTE | |||
r-release-windows-x86_64 | 0.4.0 | 12.00 | 123.00 | 135.00 | NOTE | |
r-oldrel-macos-arm64 | 0.4.0 | 93.00 | NOTE | |||
r-oldrel-macos-x86_64 | 0.4.0 | 61.00 | NOTE | |||
r-oldrel-windows-ix86+x86_64 | 0.4.0 | 7.00 | 105.00 | 112.00 | NOTE |
Version: 0.4.0
Check: LazyData
Result: NOTE
'LazyData' is specified without a 'data' directory
Flavors: r-devel-linux-x86_64-debian-clang, r-devel-linux-x86_64-debian-gcc, r-devel-linux-x86_64-fedora-clang, r-devel-linux-x86_64-fedora-gcc, r-devel-windows-x86_64, r-patched-linux-x86_64, r-release-linux-x86_64, r-release-macos-arm64, r-release-macos-x86_64, r-release-windows-x86_64, r-oldrel-macos-arm64, r-oldrel-macos-x86_64, r-oldrel-windows-ix86+x86_64