Last updated on 2023-02-04 08:01:23 CET.
Flavor | Version | Tinstall | Tcheck | Ttotal | Status | Flags |
---|---|---|---|---|---|---|
r-devel-linux-x86_64-debian-clang | 3.3.2 | 28.97 | 34.45 | 63.42 | OK | |
r-devel-linux-x86_64-debian-gcc | 3.3.2 | 19.35 | 27.43 | 46.78 | OK | |
r-devel-linux-x86_64-fedora-clang | 3.3.2 | 88.80 | NOTE | |||
r-devel-linux-x86_64-fedora-gcc | 3.3.2 | 78.43 | OK | |||
r-devel-windows-x86_64 | 3.3.2 | 117.00 | 119.00 | 236.00 | NOTE | |
r-patched-linux-x86_64 | 3.3.2 | 23.11 | 34.40 | 57.51 | OK | |
r-release-linux-x86_64 | 3.3.2 | 20.93 | 34.08 | 55.01 | OK | |
r-release-macos-arm64 | 3.3.2 | 29.00 | NOTE | |||
r-release-macos-x86_64 | 3.3.2 | 39.00 | NOTE | |||
r-release-windows-x86_64 | 3.3.2 | 109.00 | 127.00 | 236.00 | NOTE | |
r-oldrel-macos-arm64 | 3.3.2 | 29.00 | NOTE | |||
r-oldrel-macos-x86_64 | 3.3.2 | 47.00 | NOTE | |||
r-oldrel-windows-ix86+x86_64 | 3.3.2 | 75.00 | 126.00 | 201.00 | NOTE |
Version: 3.3.2
Check: package dependencies
Result: NOTE
Package suggested but not available for checking: ‘tesseract’
Flavor: r-devel-linux-x86_64-fedora-clang
Version: 3.3.2
Check: C++ specification
Result: NOTE
Specified C++11: please update to current default of C++17
Flavor: r-devel-windows-x86_64
Version: 3.3.2
Check: installed package size
Result: NOTE
installed size is 19.8Mb
sub-directories of 1Mb or more:
libs 6.9Mb
share 12.8Mb
Flavors: r-devel-windows-x86_64, r-release-macos-arm64, r-release-macos-x86_64, r-release-windows-x86_64, r-oldrel-macos-arm64, r-oldrel-macos-x86_64, r-oldrel-windows-ix86+x86_64