Last updated on 2023-06-01 07:57:08 CEST.
Flavor | Version | Tinstall | Tcheck | Ttotal | Status | Flags |
---|---|---|---|---|---|---|
r-devel-linux-x86_64-debian-clang | 3.3.3 | 25.78 | 35.50 | 61.28 | OK | |
r-devel-linux-x86_64-debian-gcc | 3.3.3 | 20.07 | 28.13 | 48.20 | OK | |
r-devel-linux-x86_64-fedora-clang | 3.3.3 | 90.22 | NOTE | |||
r-devel-linux-x86_64-fedora-gcc | 3.3.3 | 84.87 | OK | |||
r-devel-windows-x86_64 | 3.3.3 | 36.00 | 112.00 | 148.00 | NOTE | |
r-patched-linux-x86_64 | 3.3.3 | OK | ||||
r-release-linux-x86_64 | 3.3.3 | 23.59 | 34.72 | 58.31 | OK | |
r-release-macos-arm64 | 3.3.3 | 34.00 | NOTE | |||
r-release-macos-x86_64 | 3.3.3 | 51.00 | NOTE | |||
r-release-windows-x86_64 | 3.3.3 | 44.00 | 130.00 | 174.00 | NOTE | |
r-oldrel-macos-arm64 | 3.3.3 | 34.00 | NOTE | |||
r-oldrel-macos-x86_64 | 3.3.3 | 48.00 | NOTE | |||
r-oldrel-windows-x86_64 | 3.3.3 | 42.00 | 110.00 | 152.00 | NOTE |
Version: 3.3.3
Check: package dependencies
Result: NOTE
Package suggested but not available for checking: ‘tesseract’
Flavor: r-devel-linux-x86_64-fedora-clang
Version: 3.3.3
Check: installed package size
Result: NOTE
installed size is 19.8Mb
sub-directories of 1Mb or more:
libs 6.9Mb
share 12.8Mb
Flavors: r-devel-windows-x86_64, r-release-macos-arm64, r-release-macos-x86_64, r-release-windows-x86_64, r-oldrel-macos-arm64, r-oldrel-macos-x86_64, r-oldrel-windows-x86_64