Last updated on 2023-02-09 07:56:57 CET.
Flavor | Version | Tinstall | Tcheck | Ttotal | Status | Flags |
---|---|---|---|---|---|---|
r-devel-linux-x86_64-debian-clang | 1.0 | 2.31 | 27.00 | 29.31 | NOTE | |
r-devel-linux-x86_64-debian-gcc | 1.0 | 1.90 | 21.49 | 23.39 | NOTE | |
r-devel-linux-x86_64-fedora-clang | 1.0 | 38.81 | NOTE | |||
r-devel-linux-x86_64-fedora-gcc | 1.0 | 37.57 | NOTE | |||
r-devel-windows-x86_64 | 1.0 | 12.00 | 62.00 | 74.00 | NOTE | |
r-patched-linux-x86_64 | 1.0 | 2.25 | 27.61 | 29.86 | NOTE | |
r-release-linux-x86_64 | 1.0 | 1.56 | 27.43 | 28.99 | NOTE | |
r-release-macos-arm64 | 1.0 | 18.00 | NOTE | |||
r-release-macos-x86_64 | 1.0 | 22.00 | NOTE | |||
r-release-windows-x86_64 | 1.0 | 9.00 | 63.00 | 72.00 | NOTE | |
r-oldrel-macos-arm64 | 1.0 | 23.00 | NOTE | |||
r-oldrel-macos-x86_64 | 1.0 | 26.00 | NOTE | |||
r-oldrel-windows-ix86+x86_64 | 1.0 | 5.00 | 51.00 | 56.00 | OK |
Version: 1.0
Check: package dependencies
Result: NOTE
Package suggested but not available for checking: ‘PythonInR’
Flavors: r-devel-linux-x86_64-debian-clang, r-devel-linux-x86_64-debian-gcc, r-devel-linux-x86_64-fedora-clang, r-devel-linux-x86_64-fedora-gcc, r-devel-windows-x86_64, r-patched-linux-x86_64, r-release-linux-x86_64, r-release-macos-arm64, r-release-macos-x86_64, r-release-windows-x86_64, r-oldrel-macos-arm64, r-oldrel-macos-x86_64