CRAN Package Check Results for Package pcds

Last updated on 2022-11-30 07:54:34 CET.

Flavor Version Tinstall Tcheck Ttotal Status Flags
r-devel-linux-x86_64-debian-clang 0.1.4 41.07 317.41 358.48 NOTE
r-devel-linux-x86_64-debian-gcc 0.1.4 28.15 225.23 253.38 NOTE
r-devel-linux-x86_64-fedora-clang 0.1.4 439.55 NOTE
r-devel-linux-x86_64-fedora-gcc 0.1.4 429.02 NOTE
r-devel-windows-x86_64 0.1.4 92.00 371.00 463.00 NOTE
r-patched-linux-x86_64 0.1.4 56.47 301.14 357.61 OK
r-release-linux-x86_64 0.1.4 47.26 296.02 343.28 OK
r-release-macos-arm64 0.1.4 182.00 OK
r-release-macos-x86_64 0.1.4 241.00 OK
r-release-windows-x86_64 0.1.4 106.00 315.00 421.00 OK
r-oldrel-macos-arm64 0.1.4 179.00 OK
r-oldrel-macos-x86_64 0.1.4 248.00 OK
r-oldrel-windows-ix86+x86_64 0.1.4 55.00 303.00 358.00 OK

Check Details

Version: 0.1.4
Check: Rd files
Result: NOTE
    checkRd: (-1) Dist.Rd:50: Escaped LaTeX specials: \&
Flavors: r-devel-linux-x86_64-debian-clang, r-devel-linux-x86_64-debian-gcc, r-devel-linux-x86_64-fedora-clang, r-devel-linux-x86_64-fedora-gcc, r-devel-windows-x86_64