Last updated on 2023-02-06 06:52:04 CET.
Flavor | Version | Tinstall | Tcheck | Ttotal | Status | Flags |
---|---|---|---|---|---|---|
r-devel-linux-x86_64-debian-clang | 4.3.3 | 98.48 | 56.01 | 154.49 | NOTE | |
r-devel-linux-x86_64-debian-gcc | 4.3.3 | 73.90 | 40.99 | 114.89 | NOTE | |
r-devel-linux-x86_64-fedora-clang | 4.3.3 | 231.28 | NOTE | |||
r-devel-linux-x86_64-fedora-gcc | 4.3.3 | 189.36 | NOTE | |||
r-devel-windows-x86_64 | 4.3.3 | 152.00 | 105.00 | 257.00 | NOTE | |
r-patched-linux-x86_64 | 4.3.3 | 74.12 | 53.64 | 127.76 | NOTE | |
r-release-linux-x86_64 | 4.3.3 | 69.30 | 53.55 | 122.85 | NOTE | |
r-release-macos-arm64 | 4.3.3 | 57.00 | NOTE | |||
r-release-macos-x86_64 | 4.3.3 | 95.00 | NOTE | |||
r-release-windows-x86_64 | 4.3.3 | 118.00 | 117.00 | 235.00 | NOTE | |
r-oldrel-macos-arm64 | 4.3.3 | 59.00 | NOTE | |||
r-oldrel-macos-x86_64 | 4.3.3 | 88.00 | NOTE | |||
r-oldrel-windows-ix86+x86_64 | 4.3.3 | 274.00 | 122.00 | 396.00 | NOTE |
Version: 4.3.3
Check: C++ specification
Result: NOTE
Specified C++11: please update to current default of C++17
Flavors: r-devel-linux-x86_64-debian-clang, r-devel-linux-x86_64-debian-gcc, r-devel-linux-x86_64-fedora-clang, r-devel-linux-x86_64-fedora-gcc, r-devel-windows-x86_64
Version: 4.3.3
Check: package subdirectories
Result: NOTE
Problems with news in ‘NEWS.md’:
No news entries found.
Flavors: r-devel-linux-x86_64-debian-clang, r-devel-linux-x86_64-debian-gcc, r-devel-linux-x86_64-fedora-clang, r-devel-linux-x86_64-fedora-gcc, r-devel-windows-x86_64
Version: 4.3.3
Check: LazyData
Result: NOTE
'LazyData' is specified without a 'data' directory
Flavors: r-devel-linux-x86_64-debian-clang, r-devel-linux-x86_64-debian-gcc, r-devel-linux-x86_64-fedora-clang, r-devel-linux-x86_64-fedora-gcc, r-devel-windows-x86_64, r-patched-linux-x86_64, r-release-linux-x86_64, r-release-macos-arm64, r-release-macos-x86_64, r-release-windows-x86_64, r-oldrel-macos-arm64, r-oldrel-macos-x86_64, r-oldrel-windows-ix86+x86_64
Version: 4.3.3
Check: installed package size
Result: NOTE
installed size is 6.0Mb
sub-directories of 1Mb or more:
extdata 2.7Mb
libs 2.5Mb
Flavors: r-release-macos-arm64, r-release-macos-x86_64, r-oldrel-macos-arm64, r-oldrel-macos-x86_64, r-oldrel-windows-ix86+x86_64