Last updated on 2023-12-01 07:50:14 CET.
Flavor | Version | Tinstall | Tcheck | Ttotal | Status | Flags |
---|---|---|---|---|---|---|
r-devel-linux-x86_64-debian-clang | 4.3.5 | 104.67 | 56.62 | 161.29 | OK | |
r-devel-linux-x86_64-debian-gcc | 4.3.5 | 71.06 | 42.21 | 113.27 | OK | |
r-devel-linux-x86_64-fedora-clang | 4.3.5 | 242.20 | OK | |||
r-devel-linux-x86_64-fedora-gcc | 4.3.5 | 225.98 | OK | |||
r-devel-windows-x86_64 | 4.3.5 | 107.00 | 81.00 | 188.00 | OK | |
r-patched-linux-x86_64 | 4.3.5 | 82.47 | 53.70 | 136.17 | OK | |
r-release-linux-x86_64 | 4.3.5 | 89.16 | 53.37 | 142.53 | OK | |
r-release-macos-arm64 | 4.3.5 | 51.00 | NOTE | |||
r-release-macos-x86_64 | 4.3.5 | 70.00 | NOTE | |||
r-release-windows-x86_64 | 4.3.5 | 139.00 | 93.00 | 232.00 | OK | |
r-oldrel-macos-arm64 | 4.3.5 | 50.00 | NOTE | |||
r-oldrel-macos-x86_64 | 4.3.5 | 76.00 | NOTE | |||
r-oldrel-windows-x86_64 | 4.3.5 | 121.00 | 97.00 | 218.00 | OK |
Version: 4.3.5
Check: installed package size
Result: NOTE
installed size is 5.9Mb
sub-directories of 1Mb or more:
extdata 2.7Mb
libs 2.5Mb
Flavors: r-release-macos-arm64, r-release-macos-x86_64, r-oldrel-macos-arm64, r-oldrel-macos-x86_64