Last updated on 2023-02-05 07:57:30 CET.
Flavor | Version | Tinstall | Tcheck | Ttotal | Status | Flags |
---|---|---|---|---|---|---|
r-devel-linux-x86_64-debian-clang | 0.1.4 | 7.22 | 57.86 | 65.08 | NOTE | |
r-devel-linux-x86_64-debian-gcc | 0.1.4 | 4.82 | 42.93 | 47.75 | NOTE | |
r-devel-linux-x86_64-fedora-clang | 0.1.4 | 84.94 | NOTE | |||
r-devel-linux-x86_64-fedora-gcc | 0.1.4 | 87.11 | NOTE | |||
r-devel-windows-x86_64 | 0.1.4 | 18.00 | 92.00 | 110.00 | NOTE | |
r-patched-linux-x86_64 | 0.1.4 | 5.55 | 54.20 | 59.75 | NOTE | |
r-release-linux-x86_64 | 0.1.4 | 4.83 | 56.15 | 60.98 | NOTE | |
r-release-macos-arm64 | 0.1.4 | 29.00 | NOTE | |||
r-release-macos-x86_64 | 0.1.4 | 49.00 | NOTE | |||
r-release-windows-x86_64 | 0.1.4 | 21.00 | 98.00 | 119.00 | NOTE | |
r-oldrel-macos-arm64 | 0.1.4 | 39.00 | NOTE | |||
r-oldrel-macos-x86_64 | 0.1.4 | 51.00 | NOTE | |||
r-oldrel-windows-ix86+x86_64 | 0.1.4 | 15.00 | 90.00 | 105.00 | NOTE |
Version: 0.1.4
Check: LazyData
Result: NOTE
'LazyData' is specified without a 'data' directory
Flavors: r-devel-linux-x86_64-debian-clang, r-devel-linux-x86_64-debian-gcc, r-devel-linux-x86_64-fedora-clang, r-devel-linux-x86_64-fedora-gcc, r-devel-windows-x86_64, r-patched-linux-x86_64, r-release-linux-x86_64, r-release-macos-arm64, r-release-macos-x86_64, r-release-windows-x86_64, r-oldrel-macos-arm64, r-oldrel-macos-x86_64, r-oldrel-windows-ix86+x86_64