CRAN Package Check Results for Package parzer

Last updated on 2024-02-27 07:54:54 CET.

Flavor Version Tinstall Tcheck Ttotal Status Flags
r-devel-linux-x86_64-debian-clang 0.4.1 68.12 35.77 103.89 NOTE
r-devel-linux-x86_64-debian-gcc 0.4.1 54.16 27.68 81.84 NOTE
r-devel-linux-x86_64-fedora-clang 0.4.1 150.15 NOTE
r-devel-linux-x86_64-fedora-gcc 0.4.1 173.85 NOTE
r-devel-windows-x86_64 0.4.1 53.00 70.00 123.00 NOTE
r-patched-linux-x86_64 0.4.1 68.42 35.03 103.45 NOTE
r-release-linux-x86_64 0.4.1 64.83 34.97 99.80 NOTE
r-release-macos-arm64 0.4.1 45.00 NOTE
r-release-macos-x86_64 0.4.1 75.00 NOTE
r-release-windows-x86_64 0.4.1 55.00 80.00 135.00 NOTE
r-oldrel-macos-arm64 0.4.1 44.00 OK
r-oldrel-windows-x86_64 0.4.1 65.00 79.00 144.00 OK

Check Details

Version: 0.4.1
Check: C++ specification
Result: NOTE Specified C++11: please drop specification unless essential Flavors: r-devel-linux-x86_64-debian-clang, r-devel-linux-x86_64-debian-gcc, r-devel-linux-x86_64-fedora-clang, r-devel-linux-x86_64-fedora-gcc, r-devel-windows-x86_64, r-patched-linux-x86_64, r-release-linux-x86_64, r-release-macos-arm64, r-release-macos-x86_64, r-release-windows-x86_64