Last updated on 2023-01-31 07:54:19 CET.
Flavor | Version | Tinstall | Tcheck | Ttotal | Status | Flags |
---|---|---|---|---|---|---|
r-devel-linux-x86_64-debian-clang | 0.9.1 | 5.85 | 214.44 | 220.29 | OK | |
r-devel-linux-x86_64-debian-gcc | 0.9.1 | 4.11 | 194.96 | 199.07 | OK | |
r-devel-linux-x86_64-fedora-clang | 0.9.1 | 256.49 | NOTE | |||
r-devel-linux-x86_64-fedora-gcc | 0.9.1 | 269.85 | NOTE | |||
r-devel-windows-x86_64 | 0.9.1 | 28.00 | 318.00 | 346.00 | OK | |
r-patched-linux-x86_64 | 0.9.1 | 4.98 | 203.04 | 208.02 | OK | |
r-release-linux-x86_64 | 0.9.1 | 5.36 | 204.62 | 209.98 | OK | |
r-release-macos-arm64 | 0.9.1 | 60.00 | NOTE | |||
r-release-macos-x86_64 | 0.9.1 | 108.00 | NOTE | |||
r-release-windows-x86_64 | 0.9.1 | 24.00 | 254.00 | 278.00 | OK | |
r-oldrel-macos-arm64 | 0.9.1 | 82.00 | NOTE | |||
r-oldrel-macos-x86_64 | 0.9.1 | 110.00 | NOTE | |||
r-oldrel-windows-ix86+x86_64 | 0.9.1 | 12.00 | 254.00 | 266.00 | OK |
Version: 0.9.1
Check: dependencies in R code
Result: NOTE
Namespace in Imports field not imported from: ‘methods’
All declared Imports should be used.
Flavors: r-devel-linux-x86_64-fedora-clang, r-devel-linux-x86_64-fedora-gcc, r-release-macos-arm64, r-release-macos-x86_64, r-oldrel-macos-arm64, r-oldrel-macos-x86_64