CRAN Package Check Results for Package parmsurvfit

Last updated on 2023-01-29 08:57:08 CET.

Flavor Version Tinstall Tcheck Ttotal Status Flags
r-devel-linux-x86_64-debian-clang 0.1.0 11.82 113.98 125.80 OK
r-devel-linux-x86_64-debian-gcc 0.1.0 9.51 84.31 93.82 OK
r-devel-linux-x86_64-fedora-clang 0.1.0 150.40 NOTE
r-devel-linux-x86_64-fedora-gcc 0.1.0 163.30 NOTE
r-devel-windows-x86_64 0.1.0 35.00 141.00 176.00 OK
r-patched-linux-x86_64 0.1.0 11.21 109.26 120.47 OK
r-release-linux-x86_64 0.1.0 10.71 108.64 119.35 OK
r-release-macos-arm64 0.1.0 34.00 NOTE
r-release-macos-x86_64 0.1.0 86.00 NOTE
r-release-windows-x86_64 0.1.0 35.00 138.00 173.00 OK
r-oldrel-macos-arm64 0.1.0 61.00 NOTE
r-oldrel-macos-x86_64 0.1.0 61.00 NOTE
r-oldrel-windows-ix86+x86_64 0.1.0 27.00 135.00 162.00 OK

Check Details

Version: 0.1.0
Check: dependencies in R code
Result: NOTE
    Namespace in Imports field not imported from: ‘flexsurv’
     All declared Imports should be used.
Flavors: r-devel-linux-x86_64-fedora-clang, r-devel-linux-x86_64-fedora-gcc, r-release-macos-arm64, r-release-macos-x86_64, r-oldrel-macos-arm64, r-oldrel-macos-x86_64