CRAN Package Check Results for Package parSim

Last updated on 2023-01-27 07:50:39 CET.

Flavor Version Tinstall Tcheck Ttotal Status Flags
r-devel-linux-x86_64-debian-clang 0.1.4 4.72 50.89 55.61 OK
r-devel-linux-x86_64-debian-gcc 0.1.4 3.34 37.69 41.03 OK
r-devel-linux-x86_64-fedora-clang 0.1.4 67.17 NOTE
r-devel-linux-x86_64-fedora-gcc 0.1.4 66.74 NOTE
r-patched-linux-x86_64 0.1.4 5.17 49.25 54.42 OK
r-release-linux-x86_64 0.1.4 4.32 48.98 53.30 OK
r-release-macos-arm64 0.1.4 24.00 NOTE
r-release-macos-x86_64 0.1.4 46.00 NOTE
r-release-windows-x86_64 0.1.4 14.00 75.00 89.00 OK
r-oldrel-macos-arm64 0.1.4 27.00 NOTE
r-oldrel-macos-x86_64 0.1.4 41.00 NOTE
r-oldrel-windows-ix86+x86_64 0.1.4 14.00 72.00 86.00 OK

Check Details

Version: 0.1.4
Check: dependencies in R code
Result: NOTE
    Namespace in Imports field not imported from: ‘parallel’
     All declared Imports should be used.
Flavors: r-devel-linux-x86_64-fedora-clang, r-devel-linux-x86_64-fedora-gcc, r-release-macos-arm64, r-release-macos-x86_64, r-oldrel-macos-arm64, r-oldrel-macos-x86_64