Last updated on 2023-02-08 07:54:38 CET.
Flavor | Version | Tinstall | Tcheck | Ttotal | Status | Flags |
---|---|---|---|---|---|---|
r-devel-linux-x86_64-debian-clang | 0.1.0 | 5.08 | 61.82 | 66.90 | OK | |
r-devel-linux-x86_64-debian-gcc | 0.1.0 | 5.31 | 47.07 | 52.38 | OK | |
r-devel-linux-x86_64-fedora-clang | 0.1.0 | 90.36 | OK | |||
r-devel-linux-x86_64-fedora-gcc | 0.1.0 | 91.79 | OK | |||
r-devel-windows-x86_64 | 0.1.0 | 25.00 | 105.00 | 130.00 | OK | |
r-patched-linux-x86_64 | 0.1.0 | 5.93 | 60.56 | 66.49 | OK | |
r-release-linux-x86_64 | 0.1.0 | 6.28 | 58.69 | 64.97 | OK | |
r-release-macos-arm64 | 0.1.0 | 49.00 | OK | |||
r-release-macos-x86_64 | 0.1.0 | 91.00 | OK | |||
r-release-windows-x86_64 | 0.1.0 | 21.00 | 135.00 | 156.00 | OK | |
r-oldrel-macos-arm64 | 0.1.0 | 43.00 | OK | |||
r-oldrel-macos-x86_64 | 0.1.0 | 57.00 | OK | |||
r-oldrel-windows-ix86+x86_64 | 0.1.0 | 15.00 | 95.00 | 110.00 | WARN |
Version: 0.1.0
Check: re-building of vignette outputs
Result: WARN
Error(s) in re-building vignettes:
--- re-building 'PS1_Cat.Rmd' using rmarkdown
Quitting from lines 30-32 (PS1_Cat.Rmd)
Error: processing vignette 'PS1_Cat.Rmd' failed with diagnostics:
Timeout was reached: [mast.stsci.edu] Failed to connect to mast.stsci.edu port 443 after 7523 ms: Timed out
--- failed re-building 'PS1_Cat.Rmd'
--- re-building 'PS1_Images.Rmd' using rmarkdown
Quitting from lines 29-33 (PS1_Images.Rmd)
Error: processing vignette 'PS1_Images.Rmd' failed with diagnostics:
error:14077410:SSL routines:SSL23_GET_SERVER_HELLO:sslv3 alert handshake failure
--- failed re-building 'PS1_Images.Rmd'
SUMMARY: processing the following files failed:
'PS1_Cat.Rmd' 'PS1_Images.Rmd'
Error: Vignette re-building failed.
Execution halted
Flavor: r-oldrel-windows-ix86+x86_64