Last updated on 2023-01-30 09:54:19 CET.
Flavor | Version | Tinstall | Tcheck | Ttotal | Status | Flags |
---|---|---|---|---|---|---|
r-devel-linux-x86_64-debian-clang | 1.56.1 | 13.04 | 86.10 | 99.14 | OK | |
r-devel-linux-x86_64-debian-gcc | 1.56.1 | 8.63 | 64.24 | 72.87 | OK | |
r-devel-linux-x86_64-fedora-clang | 1.56.1 | 118.19 | NOTE | |||
r-devel-linux-x86_64-fedora-gcc | 1.56.1 | 116.43 | NOTE | |||
r-devel-windows-x86_64 | 1.56.1 | 25.00 | 116.00 | 141.00 | OK | |
r-patched-linux-x86_64 | 1.56.1 | 10.27 | 81.74 | 92.01 | OK | |
r-release-linux-x86_64 | 1.56.1 | 9.87 | 81.31 | 91.18 | OK | |
r-release-macos-arm64 | 1.56.1 | 37.00 | OK | |||
r-release-macos-x86_64 | 1.56.1 | 52.00 | OK | |||
r-release-windows-x86_64 | 1.56.1 | 22.00 | 132.00 | 154.00 | OK | |
r-oldrel-macos-arm64 | 1.56.1 | 42.00 | OK | |||
r-oldrel-macos-x86_64 | 1.56.1 | 73.00 | OK | |||
r-oldrel-windows-ix86+x86_64 | 1.56.1 | 23.00 | 144.00 | 167.00 | OK |
Version: 1.56.1
Check: compiled code
Result: NOTE
File ‘pamr/libs/pamr.so’:
Found no calls to: ‘R_registerRoutines’, ‘R_useDynamicSymbols’
It is good practice to register native routines and to disable symbol
search.
See ‘Writing portable packages’ in the ‘Writing R Extensions’ manual.
Flavors: r-devel-linux-x86_64-fedora-clang, r-devel-linux-x86_64-fedora-gcc