Last updated on 2023-06-01 07:57:07 CEST.
Flavor | Version | Tinstall | Tcheck | Ttotal | Status | Flags |
---|---|---|---|---|---|---|
r-devel-linux-x86_64-debian-clang | 0.7.0 | 37.02 | 281.17 | 318.19 | NOTE | |
r-devel-linux-x86_64-debian-gcc | 0.7.0 | 27.33 | 213.29 | 240.62 | NOTE | |
r-devel-linux-x86_64-fedora-clang | 0.7.0 | 392.76 | NOTE | |||
r-devel-linux-x86_64-fedora-gcc | 0.7.0 | 370.81 | NOTE | |||
r-devel-windows-x86_64 | 0.7.0 | 24.00 | 199.00 | 223.00 | NOTE | |
r-patched-linux-x86_64 | 0.7.0 | NOTE | ||||
r-release-linux-x86_64 | 0.7.0 | 29.35 | 274.49 | 303.84 | NOTE | |
r-release-macos-arm64 | 0.7.0 | 92.00 | NOTE | |||
r-release-macos-x86_64 | 0.7.0 | 165.00 | NOTE | |||
r-release-windows-x86_64 | 0.7.0 | 36.00 | 262.00 | 298.00 | NOTE | |
r-oldrel-macos-arm64 | 0.7.0 | 71.00 | NOTE | |||
r-oldrel-macos-x86_64 | 0.7.0 | 106.00 | NOTE | |||
r-oldrel-windows-x86_64 | 0.7.0 | 35.00 | 247.00 | 282.00 | NOTE |
Version: 0.7.0
Check: LazyData
Result: NOTE
'LazyData' is specified without a 'data' directory
Flavors: r-devel-linux-x86_64-debian-clang, r-devel-linux-x86_64-debian-gcc, r-devel-linux-x86_64-fedora-clang, r-devel-linux-x86_64-fedora-gcc, r-devel-windows-x86_64, r-patched-linux-x86_64, r-release-linux-x86_64, r-release-macos-arm64, r-release-macos-x86_64, r-release-windows-x86_64, r-oldrel-macos-arm64, r-oldrel-macos-x86_64, r-oldrel-windows-x86_64