CRAN Package Check Results for Package pageviews

Last updated on 2023-01-30 09:54:19 CET.

Flavor Version Tinstall Tcheck Ttotal Status Flags
r-devel-linux-x86_64-debian-clang 0.5.0 2.11 34.04 36.15 NOTE
r-devel-linux-x86_64-debian-gcc 0.5.0 1.95 26.74 28.69 NOTE
r-devel-linux-x86_64-fedora-clang 0.5.0 45.72 NOTE
r-devel-linux-x86_64-fedora-gcc 0.5.0 56.54 NOTE
r-devel-windows-x86_64 0.5.0 17.00 67.00 84.00 NOTE
r-patched-linux-x86_64 0.5.0 2.51 34.15 36.66 NOTE
r-release-linux-x86_64 0.5.0 2.13 35.34 37.47 NOTE
r-release-macos-arm64 0.5.0 34.00 NOTE
r-release-macos-x86_64 0.5.0 42.00 NOTE
r-release-windows-x86_64 0.5.0 28.00 75.00 103.00 NOTE
r-oldrel-macos-arm64 0.5.0 37.00 NOTE
r-oldrel-macos-x86_64 0.5.0 48.00 NOTE
r-oldrel-windows-ix86+x86_64 0.5.0 5.00 62.00 67.00 NOTE

Check Details

Version: 0.5.0
Check: LazyData
Result: NOTE
     'LazyData' is specified without a 'data' directory
Flavors: r-devel-linux-x86_64-debian-clang, r-devel-linux-x86_64-debian-gcc, r-devel-linux-x86_64-fedora-clang, r-devel-linux-x86_64-fedora-gcc, r-devel-windows-x86_64, r-patched-linux-x86_64, r-release-linux-x86_64, r-release-macos-arm64, r-release-macos-x86_64, r-release-windows-x86_64, r-oldrel-macos-arm64, r-oldrel-macos-x86_64, r-oldrel-windows-ix86+x86_64