CRAN Package Check Results for Package padr

Last updated on 2023-02-06 06:52:04 CET.

Flavor Version Tinstall Tcheck Ttotal Status Flags
r-devel-linux-x86_64-debian-clang 0.6.2 46.28 92.99 139.27 ERROR
r-devel-linux-x86_64-debian-gcc 0.6.2 30.98 69.66 100.64 ERROR
r-devel-linux-x86_64-fedora-clang 0.6.2 195.71 ERROR
r-devel-linux-x86_64-fedora-gcc 0.6.2 176.13 ERROR
r-devel-windows-x86_64 0.6.2 72.00 146.00 218.00 ERROR
r-patched-linux-x86_64 0.6.2 36.68 85.72 122.40 OK
r-release-linux-x86_64 0.6.2 32.98 83.41 116.39 OK
r-release-macos-arm64 0.6.2 49.00 OK
r-release-macos-x86_64 0.6.2 63.00 OK
r-release-windows-x86_64 0.6.2 74.00 146.00 220.00 OK
r-oldrel-macos-arm64 0.6.2 55.00 OK
r-oldrel-macos-x86_64 0.6.2 72.00 OK
r-oldrel-windows-ix86+x86_64 0.6.2 99.00 186.00 285.00 NOTE

Check Details

Version: 0.6.2
Check: tests
Result: ERROR
     Running ‘testthat.R’ [25s/28s]
    Running the tests in ‘tests/testthat.R’ failed.
    Complete output:
     > library(testthat)
     > library(padr)
     >
     > test_check("padr")
     [ FAIL 1 | WARN 15 | SKIP 0 | PASS 614 ]
    
     ══ Failed tests ════════════════════════════════════════════════════════════════
     ── Error ('test_thicken_cust.R:9'): warning is thrown by warn_when_filtering ───
     Error in ``<.POSIXt`(min(dt_var), min(spanned))`: object 'check_tzones' not found
     Backtrace:
     ▆
     1. ├─testthat::expect_warning(...) at test_thicken_cust.R:9:2
     2. │ └─testthat:::quasi_capture(...)
     3. │ ├─testthat (local) .capture(...)
     4. │ │ └─base::withCallingHandlers(...)
     5. │ └─rlang::eval_bare(quo_get_expr(.quo), quo_get_env(.quo))
     6. └─padr:::warning_when_filtering(dt_var, full_spanned)
     7. └─lubridate (local) `<.POSIXt`(min(dt_var), min(spanned))
    
     [ FAIL 1 | WARN 15 | SKIP 0 | PASS 614 ]
     Error: Test failures
     Execution halted
Flavor: r-devel-linux-x86_64-debian-clang

Version: 0.6.2
Check: tests
Result: ERROR
     Running ‘testthat.R’ [17s/26s]
    Running the tests in ‘tests/testthat.R’ failed.
    Complete output:
     > library(testthat)
     > library(padr)
     >
     > test_check("padr")
     [ FAIL 1 | WARN 15 | SKIP 0 | PASS 614 ]
    
     ══ Failed tests ════════════════════════════════════════════════════════════════
     ── Error ('test_thicken_cust.R:9'): warning is thrown by warn_when_filtering ───
     Error in ``<.POSIXt`(min(dt_var), min(spanned))`: object 'check_tzones' not found
     Backtrace:
     ▆
     1. ├─testthat::expect_warning(...) at test_thicken_cust.R:9:2
     2. │ └─testthat:::quasi_capture(...)
     3. │ ├─testthat (local) .capture(...)
     4. │ │ └─base::withCallingHandlers(...)
     5. │ └─rlang::eval_bare(quo_get_expr(.quo), quo_get_env(.quo))
     6. └─padr:::warning_when_filtering(dt_var, full_spanned)
     7. └─lubridate (local) `<.POSIXt`(min(dt_var), min(spanned))
    
     [ FAIL 1 | WARN 15 | SKIP 0 | PASS 614 ]
     Error: Test failures
     Execution halted
Flavor: r-devel-linux-x86_64-debian-gcc

Version: 0.6.2
Check: tests
Result: ERROR
     Running ‘testthat.R’ [30s/78s]
    Running the tests in ‘tests/testthat.R’ failed.
    Complete output:
     > library(testthat)
     > library(padr)
     >
     > test_check("padr")
     [ FAIL 1 | WARN 15 | SKIP 0 | PASS 614 ]
    
     ══ Failed tests ════════════════════════════════════════════════════════════════
     ── Error ('test_thicken_cust.R:9'): warning is thrown by warn_when_filtering ───
     Error in ``<.POSIXt`(min(dt_var), min(spanned))`: object 'check_tzones' not found
     Backtrace:
     ▆
     1. ├─testthat::expect_warning(...) at test_thicken_cust.R:9:2
     2. │ └─testthat:::quasi_capture(...)
     3. │ ├─testthat (local) .capture(...)
     4. │ │ └─base::withCallingHandlers(...)
     5. │ └─rlang::eval_bare(quo_get_expr(.quo), quo_get_env(.quo))
     6. └─padr:::warning_when_filtering(dt_var, full_spanned)
     7. └─lubridate (local) `<.POSIXt`(min(dt_var), min(spanned))
    
     [ FAIL 1 | WARN 15 | SKIP 0 | PASS 614 ]
     Error: Test failures
     Execution halted
Flavor: r-devel-linux-x86_64-fedora-clang

Version: 0.6.2
Check: tests
Result: ERROR
     Running ‘testthat.R’ [28s/35s]
    Running the tests in ‘tests/testthat.R’ failed.
    Complete output:
     > library(testthat)
     > library(padr)
     >
     > test_check("padr")
     [ FAIL 1 | WARN 15 | SKIP 0 | PASS 614 ]
    
     ══ Failed tests ════════════════════════════════════════════════════════════════
     ── Error ('test_thicken_cust.R:9'): warning is thrown by warn_when_filtering ───
     Error in ``<.POSIXt`(min(dt_var), min(spanned))`: object 'check_tzones' not found
     Backtrace:
     ▆
     1. ├─testthat::expect_warning(...) at test_thicken_cust.R:9:2
     2. │ └─testthat:::quasi_capture(...)
     3. │ ├─testthat (local) .capture(...)
     4. │ │ └─base::withCallingHandlers(...)
     5. │ └─rlang::eval_bare(quo_get_expr(.quo), quo_get_env(.quo))
     6. └─padr:::warning_when_filtering(dt_var, full_spanned)
     7. └─lubridate (local) `<.POSIXt`(min(dt_var), min(spanned))
    
     [ FAIL 1 | WARN 15 | SKIP 0 | PASS 614 ]
     Error: Test failures
     Execution halted
Flavor: r-devel-linux-x86_64-fedora-gcc

Version: 0.6.2
Check: tests
Result: ERROR
     Running 'testthat.R' [25s]
    Running the tests in 'tests/testthat.R' failed.
    Complete output:
     > library(testthat)
     > library(padr)
     >
     > test_check("padr")
     [ FAIL 1 | WARN 15 | SKIP 0 | PASS 614 ]
    
     ══ Failed tests ════════════════════════════════════════════════════════════════
     ── Error ('test_thicken_cust.R:9'): warning is thrown by warn_when_filtering ───
     Error in ``<.POSIXt`(min(dt_var), min(spanned))`: object 'check_tzones' not found
     Backtrace:
     ▆
     1. ├─testthat::expect_warning(...) at test_thicken_cust.R:9:2
     2. │ └─testthat:::quasi_capture(...)
     3. │ ├─testthat (local) .capture(...)
     4. │ │ └─base::withCallingHandlers(...)
     5. │ └─rlang::eval_bare(quo_get_expr(.quo), quo_get_env(.quo))
     6. └─padr:::warning_when_filtering(dt_var, full_spanned)
     7. └─lubridate (local) `<.POSIXt`(min(dt_var), min(spanned))
    
     [ FAIL 1 | WARN 15 | SKIP 0 | PASS 614 ]
     Error: Test failures
     Execution halted
Flavor: r-devel-windows-x86_64

Version: 0.6.2
Check: installed package size
Result: NOTE
     installed size is 5.2Mb
     sub-directories of 1Mb or more:
     data 1.7Mb
     doc 1.3Mb
     libs 2.0Mb
Flavor: r-oldrel-windows-ix86+x86_64