CRAN Package Check Results for Package packDAMipd

Last updated on 2023-04-01 08:01:18 CEST.

Flavor Version Tinstall Tcheck Ttotal Status Flags
r-devel-linux-x86_64-debian-clang 0.2.2 27.57 401.81 429.38 OK
r-devel-linux-x86_64-debian-gcc 0.2.2 22.65 294.73 317.38 OK
r-devel-linux-x86_64-fedora-clang 0.2.2 419.01 NOTE
r-devel-linux-x86_64-fedora-gcc 0.2.2 570.10 NOTE
r-devel-windows-x86_64 0.2.2 105.00 0.00 105.00 OK
r-patched-linux-x86_64 0.2.2 27.03 378.25 405.28 OK
r-release-linux-x86_64 0.2.2 24.55 385.90 410.45 OK
r-release-macos-arm64 0.2.2 122.00 NOTE
r-release-macos-x86_64 0.2.2 207.00 NOTE
r-release-windows-x86_64 0.2.2 177.00 571.00 748.00 OK
r-oldrel-macos-arm64 0.2.2 187.00 NOTE
r-oldrel-macos-x86_64 0.2.2 267.00 NOTE
r-oldrel-windows-ix86+x86_64 0.2.2 76.00 498.00 574.00 OK

Check Details

Version: 0.2.2
Check: package dependencies
Result: NOTE
    Imports includes 29 non-default packages.
    Importing from so many packages makes the package vulnerable to any of
    them becoming unavailable. Move as many as possible to Suggests and
    use conditionally.
Flavor: r-devel-linux-x86_64-fedora-clang

Version: 0.2.2
Check: dependencies in R code
Result: NOTE
    Namespaces in Imports field not imported from:
     ‘flexsurv’ ‘nlme’ ‘tibble’ ‘tidyverse’ ‘tm’
     All declared Imports should be used.
Flavors: r-devel-linux-x86_64-fedora-clang, r-devel-linux-x86_64-fedora-gcc, r-release-macos-arm64, r-release-macos-x86_64, r-oldrel-macos-arm64, r-oldrel-macos-x86_64