Last updated on 2023-02-04 08:01:23 CET.
Flavor | Version | Tinstall | Tcheck | Ttotal | Status | Flags |
---|---|---|---|---|---|---|
r-devel-linux-x86_64-debian-clang | 0.1.1 | 5.23 | 47.32 | 52.55 | NOTE | |
r-devel-linux-x86_64-debian-gcc | 0.1.1 | 4.88 | 36.06 | 40.94 | NOTE | |
r-devel-linux-x86_64-fedora-clang | 0.1.1 | 73.12 | NOTE | |||
r-devel-linux-x86_64-fedora-gcc | 0.1.1 | 71.92 | NOTE | |||
r-devel-windows-x86_64 | 0.1.1 | 21.00 | 77.00 | 98.00 | NOTE | |
r-patched-linux-x86_64 | 0.1.1 | 5.00 | 46.84 | 51.84 | NOTE | |
r-release-linux-x86_64 | 0.1.1 | 5.53 | 47.36 | 52.89 | NOTE | |
r-release-macos-arm64 | 0.1.1 | 21.00 | NOTE | |||
r-release-macos-x86_64 | 0.1.1 | 40.00 | NOTE | |||
r-release-windows-x86_64 | 0.1.1 | 23.00 | 83.00 | 106.00 | NOTE | |
r-oldrel-macos-arm64 | 0.1.1 | 21.00 | NOTE | |||
r-oldrel-macos-x86_64 | 0.1.1 | 37.00 | NOTE | |||
r-oldrel-windows-ix86+x86_64 | 0.1.1 | 14.00 | 77.00 | 91.00 | NOTE |
Version: 0.1.1
Check: LazyData
Result: NOTE
'LazyData' is specified without a 'data' directory
Flavors: r-devel-linux-x86_64-debian-clang, r-devel-linux-x86_64-debian-gcc, r-devel-linux-x86_64-fedora-clang, r-devel-linux-x86_64-fedora-gcc, r-devel-windows-x86_64, r-patched-linux-x86_64, r-release-linux-x86_64, r-release-macos-arm64, r-release-macos-x86_64, r-release-windows-x86_64, r-oldrel-macos-arm64, r-oldrel-macos-x86_64, r-oldrel-windows-ix86+x86_64