CRAN Package Check Results for Package owdbr

Last updated on 2023-02-02 06:55:00 CET.

Flavor Version Tinstall Tcheck Ttotal Status Flags
r-devel-linux-x86_64-debian-clang 1.0.1.1 3.79 35.66 39.45 NOTE
r-devel-linux-x86_64-debian-gcc 1.0.1.1 3.35 27.08 30.43 NOTE
r-devel-linux-x86_64-fedora-clang 1.0.1.1 50.42 NOTE
r-devel-linux-x86_64-fedora-gcc 1.0.1.1 49.17 NOTE
r-patched-linux-x86_64 1.0.1.1 4.42 34.58 39.00 NOTE
r-release-linux-x86_64 1.0.1.1 2.92 36.14 39.06 NOTE
r-release-macos-arm64 1.0.1.1 19.00 NOTE
r-release-macos-x86_64 1.0.1.1 35.00 NOTE
r-release-windows-x86_64 1.0.1.1 12.00 66.00 78.00 NOTE
r-oldrel-macos-arm64 1.0.1.1 21.00 NOTE
r-oldrel-macos-x86_64 1.0.1.1 30.00 NOTE
r-oldrel-windows-ix86+x86_64 1.0.1.1 10.00 56.00 66.00 NOTE

Check Details

Version: 1.0.1.1
Check: LazyData
Result: NOTE
     'LazyData' is specified without a 'data' directory
Flavors: r-devel-linux-x86_64-debian-clang, r-devel-linux-x86_64-debian-gcc, r-devel-linux-x86_64-fedora-clang, r-devel-linux-x86_64-fedora-gcc, r-patched-linux-x86_64, r-release-linux-x86_64, r-release-macos-arm64, r-release-macos-x86_64, r-release-windows-x86_64, r-oldrel-macos-arm64, r-oldrel-macos-x86_64, r-oldrel-windows-ix86+x86_64