CRAN Package Check Results for Package owdbr

Last updated on 2024-03-02 06:52:04 CET.

Flavor Version Tinstall Tcheck Ttotal Status Flags
r-devel-linux-x86_64-debian-clang 1.0.1.1 3.76 35.89 39.65 NOTE
r-devel-linux-x86_64-debian-gcc 1.0.1.1 3.32 27.57 30.89 NOTE
r-devel-linux-x86_64-fedora-clang 1.0.1.1 51.41 NOTE
r-devel-linux-x86_64-fedora-gcc 1.0.1.1 47.37 NOTE
r-devel-windows-x86_64 1.0.1.1 5.00 48.00 53.00 NOTE
r-patched-linux-x86_64 1.0.1.1 3.67 35.21 38.88 NOTE
r-release-linux-x86_64 1.0.1.1 3.16 34.77 37.93 NOTE
r-release-macos-arm64 1.0.1.1 21.00 NOTE
r-release-macos-x86_64 1.0.1.1 30.00 NOTE
r-release-windows-x86_64 1.0.1.1 5.00 50.00 55.00 NOTE
r-oldrel-macos-arm64 1.0.1.1 19.00 NOTE
r-oldrel-windows-x86_64 1.0.1.1 6.00 55.00 61.00 NOTE

Check Details

Version: 1.0.1.1
Check: LazyData
Result: NOTE 'LazyData' is specified without a 'data' directory Flavors: r-devel-linux-x86_64-debian-clang, r-devel-linux-x86_64-debian-gcc, r-devel-linux-x86_64-fedora-clang, r-devel-linux-x86_64-fedora-gcc, r-devel-windows-x86_64, r-patched-linux-x86_64, r-release-linux-x86_64, r-release-macos-arm64, r-release-macos-x86_64, r-release-windows-x86_64, r-oldrel-macos-arm64, r-oldrel-windows-x86_64