CRAN Package Check Results for Package otp

Last updated on 2024-06-19 08:57:56 CEST.

Flavor Version Tinstall Tcheck Ttotal Status Flags
r-devel-linux-x86_64-debian-clang 0.1.1 4.67 23.52 28.19 OK
r-devel-linux-x86_64-debian-gcc 0.1.1 3.23 18.16 21.39 OK
r-devel-linux-x86_64-fedora-clang 0.1.1 35.70 NOTE
r-devel-linux-x86_64-fedora-gcc 0.1.1 33.93 NOTE
r-devel-windows-x86_64 0.1.1 4.00 39.00 43.00 OK
r-patched-linux-x86_64 0.1.1 4.24 22.25 26.49 OK
r-release-linux-x86_64 0.1.1 4.72 22.40 27.12 OK
r-release-macos-arm64 0.1.1 16.00 OK
r-release-macos-x86_64 0.1.1 23.00 OK
r-release-windows-x86_64 0.1.1 4.00 40.00 44.00 OK
r-oldrel-macos-arm64 0.1.1 20.00 OK
r-oldrel-macos-x86_64 0.1.1 33.00 OK
r-oldrel-windows-x86_64 0.1.1 5.00 40.00 45.00 OK

Check Details

Version: 0.1.1
Check: dependencies in R code
Result: NOTE Namespaces in Imports field not imported from: ‘R6’ ‘openssl’ All declared Imports should be used. Flavors: r-devel-linux-x86_64-fedora-clang, r-devel-linux-x86_64-fedora-gcc