Last updated on 2023-02-02 06:55:00 CET.
Flavor | Version | Tinstall | Tcheck | Ttotal | Status | Flags |
---|---|---|---|---|---|---|
r-devel-linux-x86_64-debian-clang | 0.6.0.7 | 35.74 | 73.02 | 108.76 | WARN | |
r-devel-linux-x86_64-debian-gcc | 0.6.0.8 | 32.12 | 56.27 | 88.39 | OK | |
r-devel-linux-x86_64-fedora-clang | 0.6.0.8 | 161.04 | OK | |||
r-devel-linux-x86_64-fedora-gcc | 0.6.0.8 | 159.23 | OK | |||
r-devel-windows-x86_64 | 0.6.0.8 | 162.00 | 122.00 | 284.00 | OK | |
r-patched-linux-x86_64 | 0.6.0.7 | 30.12 | 70.42 | 100.54 | OK | |
r-release-linux-x86_64 | 0.6.0.7 | 33.76 | 72.04 | 105.80 | OK | |
r-release-macos-arm64 | 0.6.0.8 | 39.00 | OK | |||
r-release-macos-x86_64 | 0.6.0.7 | 56.00 | OK | |||
r-release-windows-x86_64 | 0.6.0.7 | 225.00 | 123.00 | 348.00 | OK | |
r-oldrel-macos-arm64 | 0.6.0.8 | 40.00 | OK | |||
r-oldrel-macos-x86_64 | 0.6.0.7 | 62.00 | OK | |||
r-oldrel-windows-ix86+x86_64 | 0.6.0.7 | 107.00 | 140.00 | 247.00 | OK |
Version: 0.6.0.7
Check: whether package can be installed
Result: WARN
Found the following significant warnings:
/tmp/Rtmprq14Wr/R.INSTALL3fc1e860c26743/osqp/src/osqp_sources/lin_sys/direct/qdldl/qdldl_sources/examples/example.c:17:9: warning: a function declaration without a prototype is deprecated in all versions of C [-Wstrict-prototypes]
See ‘/home/hornik/tmp/R.check/r-devel-clang/Work/PKGS/osqp.Rcheck/00install.out’ for details.
* used C++ compiler: ‘Debian clang version 15.0.6’
Flavor: r-devel-linux-x86_64-debian-clang
Version: 0.6.0.7
Check: C++ specification
Result: NOTE
Specified C++11: please update to current default of C++17
Flavor: r-devel-linux-x86_64-debian-clang