Last updated on 2023-01-28 08:00:41 CET.
Flavor | Version | Tinstall | Tcheck | Ttotal | Status | Flags |
---|---|---|---|---|---|---|
r-devel-linux-x86_64-debian-clang | 0.11.4 | 17.13 | 129.59 | 146.72 | OK | |
r-devel-linux-x86_64-debian-gcc | 0.11.4 | 15.44 | 96.80 | 112.24 | OK | |
r-devel-linux-x86_64-fedora-clang | 0.11.4 | 182.42 | NOTE | |||
r-devel-linux-x86_64-fedora-gcc | 0.11.4 | 177.82 | OK | |||
r-patched-linux-x86_64 | 0.11.4 | 23.00 | 116.08 | 139.08 | OK | |
r-release-linux-x86_64 | 0.11.4 | 18.30 | 115.89 | 134.19 | OK | |
r-release-macos-arm64 | 0.11.4 | 50.00 | NOTE | |||
r-release-macos-x86_64 | 0.11.4 | 67.00 | NOTE | |||
r-release-windows-x86_64 | 0.11.4 | 332.00 | 158.00 | 490.00 | NOTE | |
r-oldrel-macos-arm64 | 0.11.4 | 50.00 | NOTE | |||
r-oldrel-macos-x86_64 | 0.11.4 | 67.00 | NOTE | |||
r-oldrel-windows-ix86+x86_64 | 0.11.4 | 37.00 | 159.00 | 196.00 | NOTE |
Version: 0.11.4
Check: installed package size
Result: NOTE
installed size is 6.6Mb
sub-directories of 1Mb or more:
R 1.0Mb
nifti 3.8Mb
Flavors: r-devel-linux-x86_64-fedora-clang, r-release-macos-arm64, r-release-macos-x86_64, r-release-windows-x86_64, r-oldrel-macos-arm64, r-oldrel-macos-x86_64, r-oldrel-windows-ix86+x86_64