CRAN Package Check Results for Package ordinalLBM

Last updated on 2023-01-26 07:53:57 CET.

Flavor Version Tinstall Tcheck Ttotal Status Flags
r-devel-linux-x86_64-debian-clang 1.0 2.67 27.16 29.83 OK
r-devel-linux-x86_64-debian-gcc 1.0 2.17 20.80 22.97 OK
r-devel-linux-x86_64-fedora-clang 1.0 37.81 NOTE
r-devel-linux-x86_64-fedora-gcc 1.0 36.41 NOTE
r-patched-linux-x86_64 1.0 2.64 26.46 29.10 OK
r-release-linux-x86_64 1.0 2.49 27.24 29.73 OK
r-release-macos-arm64 1.0 17.00 NOTE
r-release-macos-x86_64 1.0 21.00 NOTE
r-release-windows-x86_64 1.0 9.00 52.00 61.00 OK
r-oldrel-macos-arm64 1.0 23.00 NOTE
r-oldrel-macos-x86_64 1.0 31.00 NOTE
r-oldrel-windows-ix86+x86_64 1.0 6.00 50.00 56.00 OK

Check Details

Version: 1.0
Check: dependencies in R code
Result: NOTE
    Namespace in Imports field not imported from: ‘reshape2’
     All declared Imports should be used.
Flavors: r-devel-linux-x86_64-fedora-clang, r-devel-linux-x86_64-fedora-gcc, r-release-macos-arm64, r-release-macos-x86_64, r-oldrel-macos-arm64, r-oldrel-macos-x86_64