Last updated on 2023-03-28 07:53:09 CEST.
Flavor | Version | Tinstall | Tcheck | Ttotal | Status | Flags |
---|---|---|---|---|---|---|
r-devel-linux-x86_64-debian-clang | 1.0.0 | 8.97 | 60.03 | 69.00 | NOTE | |
r-devel-linux-x86_64-debian-gcc | 1.0.0 | 8.54 | 45.75 | 54.29 | NOTE | |
r-devel-linux-x86_64-fedora-clang | 1.0.0 | 86.59 | NOTE | |||
r-devel-linux-x86_64-fedora-gcc | 1.0.0 | 82.71 | NOTE | |||
r-patched-linux-x86_64 | 1.0.0 | 10.76 | 57.52 | 68.28 | NOTE | |
r-release-linux-x86_64 | 1.0.0 | 6.75 | 57.22 | 63.97 | NOTE | |
r-release-macos-arm64 | 1.0.0 | 27.00 | NOTE | |||
r-release-macos-x86_64 | 1.0.0 | 40.00 | NOTE | |||
r-release-windows-x86_64 | 1.0.0 | 16.00 | 82.00 | 98.00 | NOTE | |
r-oldrel-macos-arm64 | 1.0.0 | 28.00 | NOTE | |||
r-oldrel-macos-x86_64 | 1.0.0 | 36.00 | NOTE | |||
r-oldrel-windows-ix86+x86_64 | 1.0.0 | 19.00 | 81.00 | 100.00 | NOTE |
Version: 1.0.0
Check: LazyData
Result: NOTE
'LazyData' is specified without a 'data' directory
Flavors: r-devel-linux-x86_64-debian-clang, r-devel-linux-x86_64-debian-gcc, r-devel-linux-x86_64-fedora-clang, r-devel-linux-x86_64-fedora-gcc, r-patched-linux-x86_64, r-release-linux-x86_64, r-release-macos-arm64, r-release-macos-x86_64, r-release-windows-x86_64, r-oldrel-macos-arm64, r-oldrel-macos-x86_64, r-oldrel-windows-ix86+x86_64