CRAN Package Check Results for Package optistock

Last updated on 2023-01-27 07:50:39 CET.

Flavor Version Tinstall Tcheck Ttotal Status Flags
r-devel-linux-x86_64-debian-clang 0.0.1 2.16 32.14 34.30 OK
r-devel-linux-x86_64-debian-gcc 0.0.1 1.87 24.98 26.85 OK
r-devel-linux-x86_64-fedora-clang 0.0.1 42.95 NOTE
r-devel-linux-x86_64-fedora-gcc 0.0.1 52.73 OK
r-patched-linux-x86_64 0.0.1 2.30 30.83 33.13 OK
r-release-linux-x86_64 0.0.1 1.50 31.63 33.13 OK
r-release-macos-arm64 0.0.1 19.00 OK
r-release-macos-x86_64 0.0.1 25.00 OK
r-release-windows-x86_64 0.0.1 25.00 71.00 96.00 OK
r-oldrel-macos-arm64 0.0.1 20.00 OK
r-oldrel-macos-x86_64 0.0.1 26.00 OK
r-oldrel-windows-ix86+x86_64 0.0.1 5.00 56.00 61.00 OK

Check Details

Version: 0.0.1
Check: Rd cross-references
Result: NOTE
    Undeclared package ‘tibble’ in Rd xrefs
Flavor: r-devel-linux-x86_64-fedora-clang