Last updated on 2023-01-31 07:54:19 CET.
Flavor | Version | Tinstall | Tcheck | Ttotal | Status | Flags |
---|---|---|---|---|---|---|
r-devel-linux-x86_64-debian-clang | 0.4.1 | 79.80 | 290.30 | 370.10 | OK | |
r-devel-linux-x86_64-debian-gcc | 0.5 | 66.45 | 218.23 | 284.68 | OK | |
r-devel-linux-x86_64-fedora-clang | 0.5 | 472.95 | NOTE | |||
r-devel-linux-x86_64-fedora-gcc | 0.5 | 504.64 | OK | |||
r-devel-windows-x86_64 | 0.5 | 96.00 | 263.00 | 359.00 | NOTE | |
r-patched-linux-x86_64 | 0.4.1 | 76.41 | 267.08 | 343.49 | OK | |
r-release-linux-x86_64 | 0.4.1 | 75.71 | 259.46 | 335.17 | OK | |
r-release-macos-arm64 | 0.5 | 99.00 | NOTE | |||
r-release-macos-x86_64 | 0.4.1 | 136.00 | NOTE | |||
r-release-windows-x86_64 | 0.5 | 115.00 | 240.00 | 355.00 | NOTE | |
r-oldrel-macos-arm64 | 0.5 | 96.00 | NOTE | |||
r-oldrel-macos-x86_64 | 0.4.1 | 147.00 | NOTE | |||
r-oldrel-windows-ix86+x86_64 | 0.5 | 151.00 | 414.00 | 565.00 | NOTE |
Version: 0.5
Check: installed package size
Result: NOTE
installed size is 5.3Mb
sub-directories of 1Mb or more:
doc 1.4Mb
extdata 1.3Mb
Flavors: r-devel-linux-x86_64-fedora-clang, r-devel-windows-x86_64, r-release-macos-arm64, r-release-windows-x86_64, r-oldrel-macos-arm64, r-oldrel-windows-ix86+x86_64
Version: 0.4.1
Check: installed package size
Result: NOTE
installed size is 9.8Mb
sub-directories of 1Mb or more:
doc 1.4Mb
extdata 1.3Mb
libs 5.3Mb
Flavors: r-release-macos-x86_64, r-oldrel-macos-x86_64