CRAN Package Check Results for Package openxlsx

Last updated on 2022-11-28 06:50:18 CET.

Flavor Version Tinstall Tcheck Ttotal Status Flags
r-devel-linux-x86_64-debian-clang 4.2.5.1 142.56 137.64 280.20 OK
r-devel-linux-x86_64-debian-gcc 4.2.5.1 105.52 103.79 209.31 OK
r-devel-linux-x86_64-fedora-clang 4.2.5.1 377.97 OK
r-devel-linux-x86_64-fedora-gcc 4.2.5.1 357.25 OK
r-devel-windows-x86_64 4.2.5.1 166.00 236.00 402.00 OK
r-patched-linux-x86_64 4.2.5.1 120.17 126.35 246.52 OK
r-release-linux-x86_64 4.2.5.1 115.33 130.30 245.63 OK
r-release-macos-arm64 4.2.5.1 106.00 NOTE
r-release-macos-x86_64 4.2.5.1 145.00 NOTE
r-release-windows-x86_64 4.2.5.1 213.00 234.00 447.00 OK
r-oldrel-macos-arm64 4.2.5.1 95.00 NOTE
r-oldrel-macos-x86_64 4.2.5.1 151.00 NOTE
r-oldrel-windows-ix86+x86_64 4.2.5.1 266.00 264.00 530.00 OK

Additional issues

M1mac

Check Details

Version: 4.2.5.1
Check: installed package size
Result: NOTE
     installed size is 6.9Mb
     sub-directories of 1Mb or more:
     extdata 1.1Mb
     libs 4.7Mb
Flavors: r-release-macos-arm64, r-release-macos-x86_64, r-oldrel-macos-arm64, r-oldrel-macos-x86_64