Last updated on 2023-03-28 07:53:09 CEST.
Flavor | Version | Tinstall | Tcheck | Ttotal | Status | Flags |
---|---|---|---|---|---|---|
r-devel-linux-x86_64-debian-clang | 4.2.5.2 | 136.82 | 140.54 | 277.36 | OK | |
r-devel-linux-x86_64-debian-gcc | 4.2.5.2 | 107.24 | 104.15 | 211.39 | OK | |
r-devel-linux-x86_64-fedora-clang | 4.2.5.2 | 375.29 | OK | |||
r-devel-linux-x86_64-fedora-gcc | 4.2.5.2 | 352.27 | OK | |||
r-patched-linux-x86_64 | 4.2.5.2 | 114.55 | 131.92 | 246.47 | OK | |
r-release-linux-x86_64 | 4.2.5.2 | 115.24 | 127.68 | 242.92 | OK | |
r-release-macos-arm64 | 4.2.5.2 | 89.00 | NOTE | |||
r-release-macos-x86_64 | 4.2.5.2 | 146.00 | NOTE | |||
r-release-windows-x86_64 | 4.2.5.2 | 200.00 | 253.00 | 453.00 | OK | |
r-oldrel-macos-arm64 | 4.2.5.2 | 93.00 | NOTE | |||
r-oldrel-macos-x86_64 | 4.2.5.2 | 148.00 | NOTE | |||
r-oldrel-windows-ix86+x86_64 | 4.2.5.2 | 266.00 | 268.00 | 534.00 | OK |
Version: 4.2.5.2
Check: installed package size
Result: NOTE
installed size is 7.0Mb
sub-directories of 1Mb or more:
extdata 1.1Mb
libs 4.6Mb
Flavors: r-release-macos-arm64, r-release-macos-x86_64, r-oldrel-macos-arm64, r-oldrel-macos-x86_64