CRAN Package Check Results for Package openssl

Last updated on 2023-06-06 08:02:07 CEST.

Flavor Version Tinstall Tcheck Ttotal Status Flags
r-devel-linux-x86_64-debian-clang 2.0.6 15.76 67.37 83.13 OK
r-devel-linux-x86_64-debian-gcc 2.0.6 10.88 53.48 64.36 OK
r-devel-linux-x86_64-fedora-clang 2.0.6 103.37 OK
r-devel-linux-x86_64-fedora-gcc 2.0.6 121.37 OK
r-devel-windows-x86_64 2.0.6 47.00 96.00 143.00 NOTE
r-patched-linux-x86_64 2.0.6 13.78 73.78 87.56 OK
r-release-linux-x86_64 2.0.6 11.76 72.66 84.42 OK
r-release-macos-arm64 2.0.6 52.00 NOTE
r-release-macos-x86_64 2.0.6 67.00 NOTE
r-release-windows-x86_64 2.0.6 53.00 117.00 170.00 NOTE
r-oldrel-macos-arm64 2.0.6 41.00 NOTE
r-oldrel-macos-x86_64 2.0.6 46.00 NOTE
r-oldrel-windows-x86_64 2.0.6 40.00 98.00 138.00 NOTE

Check Details

Version: 2.0.6
Check: installed package size
Result: NOTE
     installed size is 5.9Mb
     sub-directories of 1Mb or more:
     doc 2.6Mb
     libs 2.8Mb
Flavors: r-devel-windows-x86_64, r-release-macos-arm64, r-release-macos-x86_64, r-release-windows-x86_64, r-oldrel-macos-arm64, r-oldrel-macos-x86_64, r-oldrel-windows-x86_64