Last updated on 2023-01-28 08:00:41 CET.
Flavor | Version | Tinstall | Tcheck | Ttotal | Status | Flags |
---|---|---|---|---|---|---|
r-devel-linux-x86_64-debian-clang | 2.13 | 49.24 | 264.24 | 313.48 | OK | |
r-devel-linux-x86_64-debian-gcc | 2.14 | 41.50 | 196.20 | 237.70 | OK | |
r-devel-linux-x86_64-fedora-clang | 2.14 | 388.61 | OK | |||
r-devel-linux-x86_64-fedora-gcc | 2.14 | 288.26 | OK | |||
r-devel-windows-x86_64 | 2.14 | 63.00 | 318.00 | 381.00 | OK | |
r-patched-linux-x86_64 | 2.13 | 48.58 | 235.81 | 284.39 | OK | |
r-release-linux-x86_64 | 2.14 | 44.22 | 237.96 | 282.18 | OK | |
r-release-macos-arm64 | 2.14 | 80.00 | OK | |||
r-release-macos-x86_64 | 2.14 | 126.00 | OK | |||
r-release-windows-x86_64 | 2.14 | 55.00 | 276.00 | 331.00 | OK | |
r-oldrel-macos-arm64 | 2.14 | 80.00 | OK | |||
r-oldrel-macos-x86_64 | 2.14 | 129.00 | OK | |||
r-oldrel-windows-ix86+x86_64 | 2.14 | 82.00 | 338.00 | 420.00 | NOTE |
Version: 2.14
Check: installed package size
Result: NOTE
installed size is 5.4Mb
sub-directories of 1Mb or more:
help 1.1Mb
libs 2.0Mb
Flavor: r-oldrel-windows-ix86+x86_64