Last updated on 2023-01-28 08:00:41 CET.
Flavor | Version | Tinstall | Tcheck | Ttotal | Status | Flags |
---|---|---|---|---|---|---|
r-devel-linux-x86_64-debian-clang | 1.2.3 | 18.54 | 158.81 | 177.35 | OK | |
r-devel-linux-x86_64-debian-gcc | 1.2.3 | 15.14 | 116.96 | 132.10 | OK | |
r-devel-linux-x86_64-fedora-clang | 1.2.3 | 212.70 | NOTE | |||
r-devel-linux-x86_64-fedora-gcc | 1.2.3 | 219.34 | OK | |||
r-patched-linux-x86_64 | 1.2.3 | 19.01 | 152.31 | 171.32 | OK | |
r-release-linux-x86_64 | 1.2.3 | 17.89 | 149.06 | 166.95 | OK | |
r-release-macos-arm64 | 1.2.3 | 52.00 | NOTE | |||
r-release-macos-x86_64 | 1.2.3 | 84.00 | NOTE | |||
r-release-windows-x86_64 | 1.2.3 | 52.00 | 212.00 | 264.00 | NOTE | |
r-oldrel-macos-arm64 | 1.2.3 | 57.00 | NOTE | |||
r-oldrel-macos-x86_64 | 1.2.3 | 75.00 | NOTE | |||
r-oldrel-windows-ix86+x86_64 | 1.2.3 | 48.00 | 225.00 | 273.00 | NOTE |
Version: 1.2.3
Check: installed package size
Result: NOTE
installed size is 9.4Mb
sub-directories of 1Mb or more:
extdata 9.0Mb
Flavors: r-devel-linux-x86_64-fedora-clang, r-release-macos-arm64, r-release-macos-x86_64, r-release-windows-x86_64, r-oldrel-macos-arm64, r-oldrel-macos-x86_64, r-oldrel-windows-ix86+x86_64