CRAN Package Check Results for Package openNLPdata

Last updated on 2023-03-29 07:55:27 CEST.

Flavor Version Tinstall Tcheck Ttotal Status Flags
r-devel-linux-x86_64-debian-clang 1.5.3-4 3.00 27.76 30.76 OK
r-devel-linux-x86_64-debian-gcc 1.5.3-4 3.33 21.19 24.52 OK
r-devel-linux-x86_64-fedora-clang 1.5.3-4 39.80 NOTE
r-devel-linux-x86_64-fedora-gcc 1.5.3-4 39.55 NOTE
r-devel-windows-x86_64 1.5.3-4 12.00 0.00 12.00 NOTE
r-patched-linux-x86_64 1.5.3-4 4.13 26.12 30.25 OK
r-release-linux-x86_64 1.5.3-4 4.08 26.49 30.57 OK
r-release-macos-arm64 1.5.3-4 17.00 NOTE
r-release-macos-x86_64 1.5.3-4 22.00 NOTE
r-release-windows-x86_64 1.5.3-4 7.00 43.00 50.00 NOTE
r-oldrel-macos-arm64 1.5.3-4 27.00 NOTE
r-oldrel-macos-x86_64 1.5.3-4 30.00 NOTE
r-oldrel-windows-ix86+x86_64 1.5.3-4 9.00 30.00 39.00 NOTE

Check Details

Version: 1.5.3-4
Check: installed package size
Result: NOTE
     installed size is 7.2Mb
     sub-directories of 1Mb or more:
     java 1.2Mb
     models 6.0Mb
Flavors: r-devel-linux-x86_64-fedora-clang, r-devel-windows-x86_64, r-release-macos-arm64, r-release-macos-x86_64, r-release-windows-x86_64, r-oldrel-macos-arm64, r-oldrel-macos-x86_64, r-oldrel-windows-ix86+x86_64

Version: 1.5.3-4
Check: top-level files
Result: NOTE
     possible bashism in configure line 52 (test -a/-o):
     if test ${java_version_maj} -ge 5 || \
     test ${java_version_maj} -eq 1 -a ${java_version_min} -ge 5;
Flavors: r-devel-linux-x86_64-fedora-clang, r-devel-linux-x86_64-fedora-gcc